REPLACE INTO `rvs_category` (`rvs_category_id`, `category_name`, `category_sh_name`) VALUES ('17', 'Business', 'bs');
REPLACE INTO `rvs_charset` (`charset_id`, `charset_name`, `charset_value`, `xml_lang`) VALUES ('17', 'english', 'iso-8859-15', 'en');
REPLACE INTO `rvs_color` (`color_id`, `color_name`, `color_code`) VALUES ('11', 'Mediumblue', '0000CD');
REPLACE INTO `rvs_color_group` (`color_group_id`, `color_id`) VALUES ('2', '11');
REPLACE INTO `rvs_color_group_name` (`color_group_id`, `default_color_id`) VALUES ('2', '8');
REPLACE INTO `rvs_font` (`font_id`, `font_name`) VALUES ('5', 'Geneva');
REPLACE INTO `forms` (`id`, `username`, `title`, `height`, `status`) VALUES ('b68ca7e681ea64f2448e1da307ae9c11', 'f70ff24e2a081b14c61b44841ec49d95', 'contact us', '40', 'Enabled');
REPLACE INTO `questions` (`form_id`, `id`, `order`, `type`) VALUES ('b68ca7e681ea64f2448e1da307ae9c11', '0', '1', 'control_textbox');
REPLACE INTO `questions` (`form_id`, `id`, `order`, `type`) VALUES ('b68ca7e681ea64f2448e1da307ae9c11', '1', '2', 'control_textbox');
REPLACE INTO `questions` (`form_id`, `id`, `order`, `type`) VALUES ('b68ca7e681ea64f2448e1da307ae9c11', '2', '3', 'control_textbox');
REPLACE INTO `questions` (`form_id`, `id`, `order`, `type`) VALUES ('b68ca7e681ea64f2448e1da307ae9c11', '7', '5', 'control_textarea');
REPLACE INTO `questions` (`form_id`, `id`, `order`, `type`) VALUES ('b68ca7e681ea64f2448e1da307ae9c11', '8', '6', 'control_button');
REPLACE INTO `questions` (`form_id`, `id`, `order`, `type`) VALUES ('b68ca7e681ea64f2448e1da307ae9c11', '12', '4', 'control_textbox');
REPLACE INTO `question_properties` (`form_id`, `question_id`, `prop`, `value`) VALUES ('b68ca7e681ea64f2448e1da307ae9c11', '0', 'desc', NULL);
REPLACE INTO `question_properties` (`form_id`, `question_id`, `prop`, `value`) VALUES ('b68ca7e681ea64f2448e1da307ae9c11', '0', 'maxsize', '100');
REPLACE INTO `question_properties` (`form_id`, `question_id`, `prop`, `value`) VALUES ('b68ca7e681ea64f2448e1da307ae9c11', '0', 'required', 'yes');
REPLACE INTO `question_properties` (`form_id`, `question_id`, `prop`, `value`) VALUES ('b68ca7e681ea64f2448e1da307ae9c11', '0', 'size', '20');
REPLACE INTO `question_properties` (`form_id`, `question_id`, `prop`, `value`) VALUES ('b68ca7e681ea64f2448e1da307ae9c11', '0', 'text', 'First Name');
REPLACE INTO `question_properties` (`form_id`, `question_id`, `prop`, `value`) VALUES ('b68ca7e681ea64f2448e1da307ae9c11', '0', 'validation', 'no');
REPLACE INTO `question_properties` (`form_id`, `question_id`, `prop`, `value`) VALUES ('b68ca7e681ea64f2448e1da307ae9c11', '1', 'desc', NULL);
REPLACE INTO `question_properties` (`form_id`, `question_id`, `prop`, `value`) VALUES ('b68ca7e681ea64f2448e1da307ae9c11', '1', 'maxsize', '100');
REPLACE INTO `question_properties` (`form_id`, `question_id`, `prop`, `value`) VALUES ('b68ca7e681ea64f2448e1da307ae9c11', '1', 'required', 'yes');
REPLACE INTO `question_properties` (`form_id`, `question_id`, `prop`, `value`) VALUES ('b68ca7e681ea64f2448e1da307ae9c11', '1', 'size', '20');
REPLACE INTO `question_properties` (`form_id`, `question_id`, `prop`, `value`) VALUES ('b68ca7e681ea64f2448e1da307ae9c11', '1', 'text', 'Last Name');
REPLACE INTO `question_properties` (`form_id`, `question_id`, `prop`, `value`) VALUES ('b68ca7e681ea64f2448e1da307ae9c11', '1', 'validation', 'no');
REPLACE INTO `question_properties` (`form_id`, `question_id`, `prop`, `value`) VALUES ('b68ca7e681ea64f2448e1da307ae9c11', '2', 'desc', NULL);
REPLACE INTO `question_properties` (`form_id`, `question_id`, `prop`, `value`) VALUES ('b68ca7e681ea64f2448e1da307ae9c11', '2', 'maxsize', '100');
REPLACE INTO `question_properties` (`form_id`, `question_id`, `prop`, `value`) VALUES ('b68ca7e681ea64f2448e1da307ae9c11', '2', 'required', 'yes');
REPLACE INTO `question_properties` (`form_id`, `question_id`, `prop`, `value`) VALUES ('b68ca7e681ea64f2448e1da307ae9c11', '2', 'size', '20');
REPLACE INTO `question_properties` (`form_id`, `question_id`, `prop`, `value`) VALUES ('b68ca7e681ea64f2448e1da307ae9c11', '2', 'text', 'E-mail');
REPLACE INTO `question_properties` (`form_id`, `question_id`, `prop`, `value`) VALUES ('b68ca7e681ea64f2448e1da307ae9c11', '2', 'validation', 'Email');
REPLACE INTO `question_properties` (`form_id`, `question_id`, `prop`, `value`) VALUES ('b68ca7e681ea64f2448e1da307ae9c11', '7', 'cols', '35');
REPLACE INTO `question_properties` (`form_id`, `question_id`, `prop`, `value`) VALUES ('b68ca7e681ea64f2448e1da307ae9c11', '7', 'desc', NULL);
REPLACE INTO `question_properties` (`form_id`, `question_id`, `prop`, `value`) VALUES ('b68ca7e681ea64f2448e1da307ae9c11', '7', 'required', 'yes');
REPLACE INTO `question_properties` (`form_id`, `question_id`, `prop`, `value`) VALUES ('b68ca7e681ea64f2448e1da307ae9c11', '7', 'rows', '10');
REPLACE INTO `question_properties` (`form_id`, `question_id`, `prop`, `value`) VALUES ('b68ca7e681ea64f2448e1da307ae9c11', '7', 'text', 'Your Message');
REPLACE INTO `question_properties` (`form_id`, `question_id`, `prop`, `value`) VALUES ('b68ca7e681ea64f2448e1da307ae9c11', '7', 'validation', 'no');
REPLACE INTO `question_properties` (`form_id`, `question_id`, `prop`, `value`) VALUES ('b68ca7e681ea64f2448e1da307ae9c11', '8', 'clear', 'no');
REPLACE INTO `question_properties` (`form_id`, `question_id`, `prop`, `value`) VALUES ('b68ca7e681ea64f2448e1da307ae9c11', '8', 'submittext', 'Submit');
REPLACE INTO `question_properties` (`form_id`, `question_id`, `prop`, `value`) VALUES ('b68ca7e681ea64f2448e1da307ae9c11', '8', 'text', NULL);
REPLACE INTO `question_properties` (`form_id`, `question_id`, `prop`, `value`) VALUES ('b68ca7e681ea64f2448e1da307ae9c11', '12', 'desc', NULL);
REPLACE INTO `question_properties` (`form_id`, `question_id`, `prop`, `value`) VALUES ('b68ca7e681ea64f2448e1da307ae9c11', '12', 'maxsize', '100');
REPLACE INTO `question_properties` (`form_id`, `question_id`, `prop`, `value`) VALUES ('b68ca7e681ea64f2448e1da307ae9c11', '12', 'required', 'no');
REPLACE INTO `question_properties` (`form_id`, `question_id`, `prop`, `value`) VALUES ('b68ca7e681ea64f2448e1da307ae9c11', '12', 'size', '20');
REPLACE INTO `question_properties` (`form_id`, `question_id`, `prop`, `value`) VALUES ('b68ca7e681ea64f2448e1da307ae9c11', '12', 'text', 'Phone');
REPLACE INTO `question_properties` (`form_id`, `question_id`, `prop`, `value`) VALUES ('b68ca7e681ea64f2448e1da307ae9c11', '12', 'validation', 'no');
REPLACE INTO `question_properties` (`form_id`, `question_id`, `prop`, `value`) VALUES ('b68ca7e681ea64f2448e1da307ae9c11', '999', 'alignment', 'default');
REPLACE INTO `question_properties` (`form_id`, `question_id`, `prop`, `value`) VALUES ('b68ca7e681ea64f2448e1da307ae9c11', '999', 'background', 'white');
REPLACE INTO `question_properties` (`form_id`, `question_id`, `prop`, `value`) VALUES ('b68ca7e681ea64f2448e1da307ae9c11', '999', 'conf_body', 'Thanks for submitting our form, we will get back to you as soon as possible.');
REPLACE INTO `question_properties` (`form_id`, `question_id`, `prop`, `value`) VALUES ('b68ca7e681ea64f2448e1da307ae9c11', '999', 'conf_send', 'no');
REPLACE INTO `question_properties` (`form_id`, `question_id`, `prop`, `value`) VALUES ('b68ca7e681ea64f2448e1da307ae9c11', '999', 'conf_subj', 'Submission Received');
REPLACE INTO `question_properties` (`form_id`, `question_id`, `prop`, `value`) VALUES ('b68ca7e681ea64f2448e1da307ae9c11', '999', 'disabled', 'Enabled');
REPLACE INTO `question_properties` (`form_id`, `question_id`, `prop`, `value`) VALUES ('b68ca7e681ea64f2448e1da307ae9c11', '999', 'email', 'yes');
REPLACE INTO `question_properties` (`form_id`, `question_id`, `prop`, `value`) VALUES ('b68ca7e681ea64f2448e1da307ae9c11', '999', 'font', 'Verdana');
REPLACE INTO `question_properties` (`form_id`, `question_id`, `prop`, `value`) VALUES ('b68ca7e681ea64f2448e1da307ae9c11', '999', 'fontcolor', 'black');
REPLACE INTO `question_properties` (`form_id`, `question_id`, `prop`, `value`) VALUES ('b68ca7e681ea64f2448e1da307ae9c11', '999', 'fontsize', '12');
REPLACE INTO `question_properties` (`form_id`, `question_id`, `prop`, `value`) VALUES ('b68ca7e681ea64f2448e1da307ae9c11', '999', 'not_subj', 'New Submission: {qForm Title}');
REPLACE INTO `question_properties` (`form_id`, `question_id`, `prop`, `value`) VALUES ('b68ca7e681ea64f2448e1da307ae9c11', '999', 'sendpostdata', 'no');
REPLACE INTO `question_properties` (`form_id`, `question_id`, `prop`, `value`) VALUES ('b68ca7e681ea64f2448e1da307ae9c11', '999', 'spamcheck', 'Enabled');
REPLACE INTO `question_properties` (`form_id`, `question_id`, `prop`, `value`) VALUES ('b68ca7e681ea64f2448e1da307ae9c11', '999', 'theme', 'Default');
REPLACE INTO `question_utf8` (`form_id`, `utf8format`) VALUES ('b68ca7e681ea64f2448e1da307ae9c11', '1');
REPLACE INTO `rvs_layout_template` (`layout_template_id`, `layout_template_name`, `layout_template_data`, `layout_template_desc`, `layout_template_preview`, `layout_template_head`, `layout_group_id`) VALUES ('a08838f9d3fc73dbac8aca3a170edb5f', 'General style 20', '<!-- ####### LAYOUT CSS: MODIFY COLOR, FONT AND BOX SIZE HERE BUT DO NOT DELETE. ####### -->\r\n\r\n<style type=\"text/css\">\r\n.type06bulletpad{\r\n		padding:4px 3px 0px 3px;\r\n		text-align:center;\r\n}	\r\n.type06borderbottom{\r\n		border-bottom:#C9C1AA solid 1px;\r\n		line-height:20px; \r\n}\r\n.type06head{  \r\n		font-size:110%;\r\n		color:#FFFFFF;\r\n		font-weight:bold;\r\n		line-height:20px;\r\n		padding:0px 5px 0px 5px;\r\n		background-color:#BDBDBD;\r\n}\r\n.type06line{\r\n		background-image:url(images/linev.gif);\r\n		height:2px;\r\n}\r\n.type06bottom{ padding-bottom:10px;\r\n}\r\n</style>\r\n<!-- ########################### END CSS LAYOUT ###########################  -->\r\n<table cellpadding=\"0\" cellspacing=\"3\">\r\n  <tr>\r\n  	<td align=\"left\" valign=\"top\">\r\n		<table cellpadding=\"0\" cellspacing=\"0\" width=\"100%\">\r\n			<tr>\r\n				<td width=\"33%\" align=\"center\" valign=\"top\">\r\n				<table cellpadding=\"0\" cellspacing=\"3\" width=\"100%\">\r\n						<tr>\r\n						  <td align=\"left\" colspan=\"2\" class=\"type06head\">Europan lingues</td>\r\n						</tr>\r\n						<tr>\r\n						  <td class=\"type06bulletpad\" valign=\"top\" align=\"center\" width=\"5%\"><img src=\"images/bullet.gif\" alt=\"\" width=\"5\" height=\"5\" /></td>\r\n						  <td width=\"95%\" valign=\"top\" align=\"left\" class=\"type06bottom\">Lorem ipsum dolor sit amet, consetetur sadipscing elitr, sed diam nonumy eirmod tempor invidunt ut labore et dolore magna aliquyam erat, sed diam voluptua.</td>\r\n						</tr>\r\n						<tr><td colspan=\"2\" class=\"type06line\"><img src=\"images/spacer.gif\" alt=\"\" width=\"1\" height=\"2\" /></td>\r\n						</tr>\r\n						<tr>\r\n						  <td class=\"type06bulletpad\" valign=\"top\" align=\"center\" width=\"5%\"><img src=\"images/bullet.gif\" alt=\"\" width=\"5\" height=\"5\" /></td>\r\n						  <td width=\"95%\" align=\"left\" class=\"type06bottom\">Lorem ipsum dolor sit amet, consetetur sadipscing elitr, sed diam nonumy eirmod tempor invidunt ut labore et dolore magna aliquyam erat, sed diam voluptua.</td>\r\n						</tr>\r\n						<tr><td colspan=\"2\" class=\"type06line\"><img src=\"images/spacer.gif\" alt=\"\" width=\"1\" height=\"2\" /></td>\r\n						</tr>\r\n						<tr>\r\n						  <td class=\"type06bulletpad\" valign=\"top\" align=\"center\" width=\"5%\"><img src=\"images/bullet.gif\" alt=\"\" width=\"5\" height=\"5\" /></td>\r\n						  <td width=\"95%\" align=\"left\" class=\"type06bottom\">Lorem ipsum dolor sit amet, consetetur sadipscing elitr, sed diam nonumy eirmod tempor invidunt ut labore et dolore magna aliquyam erat, sed diam voluptua.</td>\r\n						</tr>\r\n						\r\n				  	</table>\r\n				</td>\r\n				<td width=\"33%\" align=\"left\" valign=\"top\">\r\n					<table cellpadding=\"0\" cellspacing=\"3\" width=\"100%\">\r\n						<tr>\r\n						  <td class=\"type06head\" colspan=\"2\"> Europan lingues</td>\r\n						</tr>\r\n						<tr>\r\n						  <td class=\"type06bulletpad\" valign=\"top\" align=\"center\" width=\"5%\"><img src=\"images/bullet.gif\" alt=\"\" width=\"5\" height=\"5\" /></td>\r\n						  <td align=\"left\" width=\"95%\" class=\"type06bottom\">Europan lingues Lorem ipsum dolor sit amet, consetetur sadipscing. europan lingues Lorem ipsum dolor sit amet, consetetur sadipscing</td>\r\n						</tr>\r\n						<tr><td colspan=\"2\" class=\"type06line\"><img src=\"images/spacer.gif\" alt=\"\" width=\"1\" height=\"2\" /></td>\r\n						</tr>\r\n						<tr>\r\n						  <td class=\"type06bulletpad\" valign=\"top\" align=\"center\" width=\"5%\"><img src=\"images/bullet.gif\" alt=\"\" width=\"5\" height=\"5\" /></td>\r\n						  <td align=\"left\" width=\"95%\" class=\"type06bottom\">Europan lingues Lorem ipsum dolor sit amet, consetetur sadipscing. europan lingues Lorem ipsum dolor sit amet, consetetur sadipscing</td>\r\n						</tr>\r\n						<tr><td colspan=\"2\" class=\"type06line\"><img src=\"images/spacer.gif\" alt=\"\" width=\"1\" height=\"2\" /></td>\r\n						</tr>\r\n						  <td class=\"type06bulletpad\" valign=\"top\" align=\"center\" width=\"5%\"><img src=\"images/bullet.gif\" alt=\"\" width=\"5\" height=\"5\" /></td>\r\n						  <td align=\"left\" width=\"95%\" class=\"type06bottom\">Europan lingues Lorem ipsum dolor sit amet, consetetur sadipscing. europan lingues Lorem ipsum dolor sit amet, consetetur sadipscing</td>\r\n						</tr>\r\n				  	</table>\r\n				</td>\r\n				<td width=\"33%\" align=\"left\" valign=\"top\">\r\n				<table cellpadding=\"0\" cellspacing=\"3\" width=\"100%\">\r\n						<tr>\r\n						  <td class=\"type06head\" colspan=\"2\"> Europan lingues</td>\r\n						</tr>\r\n						<tr>						  \r\n						  <td align=\"left\" class=\"type06bottom\"><b>Lorem ipsum</b> dolor sit amet, consetetur sadipscing elitr, sed diam nonumy eirmod tempor invidunt ut labore et dolore magna aliquyam erat, sed diam voluptua.</td>\r\n						</tr>\r\n						<tr>						\r\n						  <td align=\"left\" class=\"type06bottom\"><b>Lorem ipsum</b> dolor sit amet, consetetur sadipscing elitr, sed diam nonumy eirmod tempor invidunt ut labore et dolore magna aliquyam erat, sed diam voluptua.</td>\r\n						</tr>\r\n						<tr>						 \r\n						  <td align=\"left\" class=\"type06bottom\"><b>Lorem ipsum</b> dolor sit amet, consetetur sadipscing elitr, sed diam nonumy eirmod tempor invidunt ut labore et dolore magna aliquyam erat, sed diam voluptua.</td>\r\n						</tr>\r\n				  	</table>\r\n				</td>\r\n			</tr>\r\n		</table>  		\r\n	</td>\r\n	</tr>\r\n</table>', '', 'b_layout20.jpg', '', '3');
REPLACE INTO `rvs_layout_group` (`layout_group_id`, `layout_group_name`, `layout_category_id`) VALUES ('3', 'general style', '1');
REPLACE INTO `rvs_link` (`rvs_link_id`, `dialog_option`, `fullscreen`, `external_url`, `toolbar`, `location`, `status_bar`, `menubar`, `resizeable`, `scrollbars`, `size_width`, `size_height`) VALUES ('7f08a2db1295f913bf4abe6286ee2578', '{\"title\":\"\",\"draggable\":true}', '1', 'http://ccgci.org/ccgcigallery', '1', '1', '0', '1', '1', '1', '0', '0');
REPLACE INTO `rvs_navigator_name` (`navigator_name_id`, `navigator_name`) VALUES ('29', 'h_navigator_style5');
REPLACE INTO `rvs_navigator` (`navigator_id`, `menustyle_id`, `navigator_name_id`) VALUES ('335', '2', '29');
REPLACE INTO `rvs_online_counter` (`counter_id`, `counter_name`, `rvs_usr_id`, `project_id`, `project_page_id`, `counter_style`, `max_digit`, `frame`, `cpmode`, `counter_tag`) VALUES ('69f15e103625d3e6668419a86e39688c', 'Visitors', 'fd8bf9274dea4e6ce58215bbc9f4632a', 'f70ff24e2a081b14c61b44841ec49d95', '6f2d6cbfd3fb4eac3857eafa96660ede', 'I', '6', '1', ' . CPMODE .', '');
REPLACE INTO `rvs_project_page_out_seggestion` (`project_page_id`, `out_suggestion_id`) VALUES ('acf8fb1244660ce1eeb8bb79d94b27bd', '3');
REPLACE INTO `rvs_project_page_out_seggestion` (`project_page_id`, `out_suggestion_id`) VALUES ('6f2d6cbfd3fb4eac3857eafa96660ede', '1');
REPLACE INTO `rvs_project_page_out_seggestion` (`project_page_id`, `out_suggestion_id`) VALUES ('2fb9c2f25aa30225e3f9e7f816d3e8fd', '0');
REPLACE INTO `rvs_project_page_out_seggestion` (`project_page_id`, `out_suggestion_id`) VALUES ('6703c8696853c08cff06d5fa388aed32', '0');
REPLACE INTO `rvs_project_page_out_seggestion` (`project_page_id`, `out_suggestion_id`) VALUES ('7e132ddc233e0263627cf5d7bb05d515', '0');
REPLACE INTO `rvs_project_page_out_seggestion` (`project_page_id`, `out_suggestion_id`) VALUES ('f3716a45fcdfd307afce416b43055cf2', '0');
REPLACE INTO `rvs_project_page_out_seggestion` (`project_page_id`, `out_suggestion_id`) VALUES ('de50804ae30cb1478c7c2b43c524e231', '0');
REPLACE INTO `rvs_project_page_out_seggestion` (`project_page_id`, `out_suggestion_id`) VALUES ('00e345e970c5fb264b5ace4fed754e16', '0');
REPLACE INTO `rvs_project_page_out_seggestion` (`project_page_id`, `out_suggestion_id`) VALUES ('94aceca5f253e9a582b522074f7bf88d', '0');
REPLACE INTO `rvs_project_page_out_seggestion` (`project_page_id`, `out_suggestion_id`) VALUES ('c1ad40b999949587420fa5382fafe903', '0');
REPLACE INTO `rvs_project_page_out_seggestion` (`project_page_id`, `out_suggestion_id`) VALUES ('26d3a750da2669b024f0ca4c96166aaf', '0');
REPLACE INTO `rvs_project_page_out_seggestion` (`project_page_id`, `out_suggestion_id`) VALUES ('fb3115bdc36e84e01c1470680e6e8a73', '0');
REPLACE INTO `rvs_project_page_out_seggestion` (`project_page_id`, `out_suggestion_id`) VALUES ('b03ed32ac86eb94110809f4464e5b4f5', '0');
REPLACE INTO `rvs_project_page_out_seggestion` (`project_page_id`, `out_suggestion_id`) VALUES ('f8a8cc745e763cf1518ff11f4aeaf993', '0');
REPLACE INTO `rvs_project_page_out_seggestion` (`project_page_id`, `out_suggestion_id`) VALUES ('7882f77b50d4cfb08fd3de8349fa6305', '0');
REPLACE INTO `rvs_project_page_out_seggestion` (`project_page_id`, `out_suggestion_id`) VALUES ('d6a61ae5e49df200ed540257ed19650c', '0');
REPLACE INTO `rvs_project_page_out_seggestion` (`project_page_id`, `out_suggestion_id`) VALUES ('890f33fcaca6172f88ba3688cfd52c95', '0');
REPLACE INTO `rvs_project_page_out_seggestion` (`project_page_id`, `out_suggestion_id`) VALUES ('43b8b4048bcb817f216d40c5331137dc', '0');
REPLACE INTO `rvs_project_page_out_seggestion` (`project_page_id`, `out_suggestion_id`) VALUES ('1c267f618896308ae04289e2c922d8f6', '0');
REPLACE INTO `rvs_out_suggestion` (`out_suggestion_id`, `out_suggestion_name`, `description_keylang`) VALUES ('3', 'News & Events', 'our suggestion News & Events description');
REPLACE INTO `rvs_out_suggestion` (`out_suggestion_id`, `out_suggestion_name`, `description_keylang`) VALUES ('1', 'Home', 'our suggestion Home description');
REPLACE INTO `rvs_picture` (`picture_id`, `picture_name`) VALUES ('266', 'business');
REPLACE INTO `rvs_head` (`project_id`, `project_page_id`, `head_tag_data`) VALUES ('f70ff24e2a081b14c61b44841ec49d95', '0', '');
REPLACE INTO `rvs_project` (`project_id`, `project_info_id`, `rvs_usr_id`, `project_name`, `project_directory`, `utf8format`) VALUES ('f70ff24e2a081b14c61b44841ec49d95', 'd9da038e32d5e6bf65b21b3bb7da6025', 'fd8bf9274dea4e6ce58215bbc9f4632a', 'CCGCI Mobile', '', '1');
REPLACE INTO `rvs_project_info` (`project_info_id`, `template_item_id`, `font_id`, `navigator_id`, `rvs_category_id`, `charset_id`, `project_company`, `project_slogan`, `project_logo`, `project_title`, `project_keyword`, `project_description`, `project_domain`, `check_step`, `effect_site_enter`, `duration_site_enter`, `last_update`, `layout_template_id`, `i_pathway`, `i_mail`, `i_print`, `i_favorite`, `no_slogan`, `no_company_name`, `navigator_name_id`, `is_member_page`) VALUES ('d9da038e32d5e6bf65b21b3bb7da6025', '900a1da31c0fe27313f7412a55da9707', '5', '8518257b235989d27bea147d085140ef', '17', '17', '<font face=\"Geneva\" style=\"font-size: 36px\">Central Carolina Gun Club, Inc.</font>', '<font face=\"Arial\" style=\"&quot;null\">Responsibility - Safety - Education</font>', 'LOGO.jpg', 'Central Carolina Gun Club', 'Alamance County, North Carolina, Burlington, Gun Club, Rifle Range, Pistol, Handguns', '', 'ccgci.org', '5', NULL, NULL, '1394815081', 'a08838f9d3fc73dbac8aca3a170edb5f', '0', '1', '1', '1', '0', '0', '29', '0');
REPLACE INTO `rvs_project_layout_page` (`project_id`, `project_page_id`, `parent_project_page_id`, `priority`, `is_home`) VALUES ('f70ff24e2a081b14c61b44841ec49d95', 'acf8fb1244660ce1eeb8bb79d94b27bd', '0', '2', '0');
REPLACE INTO `rvs_project_layout_page` (`project_id`, `project_page_id`, `parent_project_page_id`, `priority`, `is_home`) VALUES ('f70ff24e2a081b14c61b44841ec49d95', '6f2d6cbfd3fb4eac3857eafa96660ede', '0', '1', '1');
REPLACE INTO `rvs_project_layout_page` (`project_id`, `project_page_id`, `parent_project_page_id`, `priority`, `is_home`) VALUES ('f70ff24e2a081b14c61b44841ec49d95', '2fb9c2f25aa30225e3f9e7f816d3e8fd', '0', '5', '0');
REPLACE INTO `rvs_project_layout_page` (`project_id`, `project_page_id`, `parent_project_page_id`, `priority`, `is_home`) VALUES ('f70ff24e2a081b14c61b44841ec49d95', '6703c8696853c08cff06d5fa388aed32', '6f2d6cbfd3fb4eac3857eafa96660ede', '3', '0');
REPLACE INTO `rvs_project_layout_page` (`project_id`, `project_page_id`, `parent_project_page_id`, `priority`, `is_home`) VALUES ('f70ff24e2a081b14c61b44841ec49d95', '7e132ddc233e0263627cf5d7bb05d515', '6f2d6cbfd3fb4eac3857eafa96660ede', '1', '0');
REPLACE INTO `rvs_project_layout_page` (`project_id`, `project_page_id`, `parent_project_page_id`, `priority`, `is_home`) VALUES ('f70ff24e2a081b14c61b44841ec49d95', 'f3716a45fcdfd307afce416b43055cf2', 'acf8fb1244660ce1eeb8bb79d94b27bd', '1', '0');
REPLACE INTO `rvs_project_layout_page` (`project_id`, `project_page_id`, `parent_project_page_id`, `priority`, `is_home`) VALUES ('f70ff24e2a081b14c61b44841ec49d95', 'de50804ae30cb1478c7c2b43c524e231', 'acf8fb1244660ce1eeb8bb79d94b27bd', '2', '0');
REPLACE INTO `rvs_project_layout_page` (`project_id`, `project_page_id`, `parent_project_page_id`, `priority`, `is_home`) VALUES ('f70ff24e2a081b14c61b44841ec49d95', '00e345e970c5fb264b5ace4fed754e16', 'acf8fb1244660ce1eeb8bb79d94b27bd', '3', '0');
REPLACE INTO `rvs_project_layout_page` (`project_id`, `project_page_id`, `parent_project_page_id`, `priority`, `is_home`) VALUES ('f70ff24e2a081b14c61b44841ec49d95', '94aceca5f253e9a582b522074f7bf88d', 'fb3115bdc36e84e01c1470680e6e8a73', '5', '0');
REPLACE INTO `rvs_project_layout_page` (`project_id`, `project_page_id`, `parent_project_page_id`, `priority`, `is_home`) VALUES ('f70ff24e2a081b14c61b44841ec49d95', 'c1ad40b999949587420fa5382fafe903', '6f2d6cbfd3fb4eac3857eafa96660ede', '2', '0');
REPLACE INTO `rvs_project_layout_page` (`project_id`, `project_page_id`, `parent_project_page_id`, `priority`, `is_home`) VALUES ('f70ff24e2a081b14c61b44841ec49d95', '26d3a750da2669b024f0ca4c96166aaf', '6f2d6cbfd3fb4eac3857eafa96660ede', '4', '0');
REPLACE INTO `rvs_project_layout_page` (`project_id`, `project_page_id`, `parent_project_page_id`, `priority`, `is_home`) VALUES ('f70ff24e2a081b14c61b44841ec49d95', 'fb3115bdc36e84e01c1470680e6e8a73', '0', '3', '0');
REPLACE INTO `rvs_project_layout_page` (`project_id`, `project_page_id`, `parent_project_page_id`, `priority`, `is_home`) VALUES ('f70ff24e2a081b14c61b44841ec49d95', 'b03ed32ac86eb94110809f4464e5b4f5', 'fb3115bdc36e84e01c1470680e6e8a73', '1', '0');
REPLACE INTO `rvs_project_layout_page` (`project_id`, `project_page_id`, `parent_project_page_id`, `priority`, `is_home`) VALUES ('f70ff24e2a081b14c61b44841ec49d95', 'f8a8cc745e763cf1518ff11f4aeaf993', 'fb3115bdc36e84e01c1470680e6e8a73', '2', '0');
REPLACE INTO `rvs_project_layout_page` (`project_id`, `project_page_id`, `parent_project_page_id`, `priority`, `is_home`) VALUES ('f70ff24e2a081b14c61b44841ec49d95', '7882f77b50d4cfb08fd3de8349fa6305', 'fb3115bdc36e84e01c1470680e6e8a73', '3', '0');
REPLACE INTO `rvs_project_layout_page` (`project_id`, `project_page_id`, `parent_project_page_id`, `priority`, `is_home`) VALUES ('f70ff24e2a081b14c61b44841ec49d95', 'd6a61ae5e49df200ed540257ed19650c', 'fb3115bdc36e84e01c1470680e6e8a73', '4', '0');
REPLACE INTO `rvs_project_layout_page` (`project_id`, `project_page_id`, `parent_project_page_id`, `priority`, `is_home`) VALUES ('f70ff24e2a081b14c61b44841ec49d95', '890f33fcaca6172f88ba3688cfd52c95', 'fb3115bdc36e84e01c1470680e6e8a73', '6', '0');
REPLACE INTO `rvs_project_layout_page` (`project_id`, `project_page_id`, `parent_project_page_id`, `priority`, `is_home`) VALUES ('f70ff24e2a081b14c61b44841ec49d95', '43b8b4048bcb817f216d40c5331137dc', '0', '4', '0');
REPLACE INTO `rvs_project_layout_page` (`project_id`, `project_page_id`, `parent_project_page_id`, `priority`, `is_home`) VALUES ('f70ff24e2a081b14c61b44841ec49d95', '1c267f618896308ae04289e2c922d8f6', '43b8b4048bcb817f216d40c5331137dc', '1', '0');
REPLACE INTO `rvs_project_page_to_layout` (`project_page_id`, `project_id`, `layout_template_user_id`) VALUES ('6f2d6cbfd3fb4eac3857eafa96660ede', 'f70ff24e2a081b14c61b44841ec49d95', '2bbc09df8122280387ee020d1fdd9b5e');
REPLACE INTO `rvs_layout_template_user` (`layout_template_user_id`, `layout_name`, `layout_template_name`) VALUES ('2bbc09df8122280387ee020d1fdd9b5e', '16_0', 'Home');
REPLACE INTO `rvs_project_page_to_layout` (`project_page_id`, `project_id`, `layout_template_user_id`) VALUES ('60a83499d02ae9d25d0182108681f7a1', 'f70ff24e2a081b14c61b44841ec49d95', '5073383f794105072cbf1cdd3a4d0510');
REPLACE INTO `rvs_layout_template_user` (`layout_template_user_id`, `layout_name`, `layout_template_name`) VALUES ('5073383f794105072cbf1cdd3a4d0510', '16_0', 'Home');
REPLACE INTO `rvs_project_page_to_layout` (`project_page_id`, `project_id`, `layout_template_user_id`) VALUES ('b8f8db85a1c8bc15fc9fb15d297c6b32', 'f70ff24e2a081b14c61b44841ec49d95', '39ea0e6cc6efc2f1ad41710462aa8f88');
REPLACE INTO `rvs_layout_template_user` (`layout_template_user_id`, `layout_name`, `layout_template_name`) VALUES ('39ea0e6cc6efc2f1ad41710462aa8f88', '4-8-4_0', 'About us');
REPLACE INTO `rvs_project_page_to_layout` (`project_page_id`, `project_id`, `layout_template_user_id`) VALUES ('acf8fb1244660ce1eeb8bb79d94b27bd', 'f70ff24e2a081b14c61b44841ec49d95', '474f8903c5ee236492b9bdad06de8e60');
REPLACE INTO `rvs_layout_template_user` (`layout_template_user_id`, `layout_name`, `layout_template_name`) VALUES ('474f8903c5ee236492b9bdad06de8e60', '4-8-4_0', 'News & Event');
REPLACE INTO `rvs_project_page_to_layout` (`project_page_id`, `project_id`, `layout_template_user_id`) VALUES ('629b4987ef1650fda1efe5018a30b878', 'f70ff24e2a081b14c61b44841ec49d95', '866de95a65ff670e05998a74a05225c7');
REPLACE INTO `rvs_layout_template_user` (`layout_template_user_id`, `layout_name`, `layout_template_name`) VALUES ('866de95a65ff670e05998a74a05225c7', '4-8-4_0', 'Links');
REPLACE INTO `rvs_project_page_to_layout` (`project_page_id`, `project_id`, `layout_template_user_id`) VALUES ('15cad6a9319814a14e835cca94b71ded', 'f70ff24e2a081b14c61b44841ec49d95', '35948c8f62bcbfeca01edb3a22a94935');
REPLACE INTO `rvs_layout_template_user` (`layout_template_user_id`, `layout_name`, `layout_template_name`) VALUES ('35948c8f62bcbfeca01edb3a22a94935', '4-8-4_0', 'Contact Us');
REPLACE INTO `rvs_project_page_to_layout` (`project_page_id`, `project_id`, `layout_template_user_id`) VALUES ('6703c8696853c08cff06d5fa388aed32', 'f70ff24e2a081b14c61b44841ec49d95', 'c77af921a72d039402aeb390526bedb8');
REPLACE INTO `rvs_layout_template_user` (`layout_template_user_id`, `layout_name`, `layout_template_name`) VALUES ('c77af921a72d039402aeb390526bedb8', '16_01', 'Bylaws & Policies');
REPLACE INTO `rvs_project_page_to_layout` (`project_page_id`, `project_id`, `layout_template_user_id`) VALUES ('7e132ddc233e0263627cf5d7bb05d515', 'f70ff24e2a081b14c61b44841ec49d95', '9f533d29bd67745aad92a00fa8f47463');
REPLACE INTO `rvs_layout_template_user` (`layout_template_user_id`, `layout_name`, `layout_template_name`) VALUES ('9f533d29bd67745aad92a00fa8f47463', '4-12_0', 'Location');
REPLACE INTO `rvs_project_page_to_layout` (`project_page_id`, `project_id`, `layout_template_user_id`) VALUES ('26d3a750da2669b024f0ca4c96166aaf', 'f70ff24e2a081b14c61b44841ec49d95', '2bbc09df8122280387ee020d1fdd9b5e');
REPLACE INTO `rvs_project_page_to_layout` (`project_page_id`, `project_id`, `layout_template_user_id`) VALUES ('c1ad40b999949587420fa5382fafe903', 'f70ff24e2a081b14c61b44841ec49d95', '2bbc09df8122280387ee020d1fdd9b5e');
REPLACE INTO `rvs_project_page_to_layout` (`project_page_id`, `project_id`, `layout_template_user_id`) VALUES ('7882f77b50d4cfb08fd3de8349fa6305', 'f70ff24e2a081b14c61b44841ec49d95', '2bbc09df8122280387ee020d1fdd9b5e');
REPLACE INTO `rvs_project_page_to_layout` (`project_page_id`, `project_id`, `layout_template_user_id`) VALUES ('d6a61ae5e49df200ed540257ed19650c', 'f70ff24e2a081b14c61b44841ec49d95', '2bbc09df8122280387ee020d1fdd9b5e');
REPLACE INTO `rvs_project_page_to_layout` (`project_page_id`, `project_id`, `layout_template_user_id`) VALUES ('94aceca5f253e9a582b522074f7bf88d', 'f70ff24e2a081b14c61b44841ec49d95', '2bbc09df8122280387ee020d1fdd9b5e');
REPLACE INTO `rvs_project_page_to_layout` (`project_page_id`, `project_id`, `layout_template_user_id`) VALUES ('b03ed32ac86eb94110809f4464e5b4f5', 'f70ff24e2a081b14c61b44841ec49d95', '2bbc09df8122280387ee020d1fdd9b5e');
REPLACE INTO `rvs_project_page_to_layout` (`project_page_id`, `project_id`, `layout_template_user_id`) VALUES ('f8a8cc745e763cf1518ff11f4aeaf993', 'f70ff24e2a081b14c61b44841ec49d95', '2bbc09df8122280387ee020d1fdd9b5e');
REPLACE INTO `rvs_project_page_to_layout` (`project_page_id`, `project_id`, `layout_template_user_id`) VALUES ('890f33fcaca6172f88ba3688cfd52c95', 'f70ff24e2a081b14c61b44841ec49d95', '2bbc09df8122280387ee020d1fdd9b5e');
REPLACE INTO `rvs_project_page_to_layout` (`project_page_id`, `project_id`, `layout_template_user_id`) VALUES ('00e345e970c5fb264b5ace4fed754e16', 'f70ff24e2a081b14c61b44841ec49d95', '2bbc09df8122280387ee020d1fdd9b5e');
REPLACE INTO `rvs_project_page_to_layout` (`project_page_id`, `project_id`, `layout_template_user_id`) VALUES ('de50804ae30cb1478c7c2b43c524e231', 'f70ff24e2a081b14c61b44841ec49d95', '2bbc09df8122280387ee020d1fdd9b5e');
REPLACE INTO `rvs_project_page_to_layout` (`project_page_id`, `project_id`, `layout_template_user_id`) VALUES ('1c267f618896308ae04289e2c922d8f6', 'f70ff24e2a081b14c61b44841ec49d95', '2bbc09df8122280387ee020d1fdd9b5e');
REPLACE INTO `rvs_project_page_to_layout` (`project_page_id`, `project_id`, `layout_template_user_id`) VALUES ('f3716a45fcdfd307afce416b43055cf2', 'f70ff24e2a081b14c61b44841ec49d95', '2bbc09df8122280387ee020d1fdd9b5e');
REPLACE INTO `rvs_project_page_to_layout` (`project_page_id`, `project_id`, `layout_template_user_id`) VALUES ('fb3115bdc36e84e01c1470680e6e8a73', 'f70ff24e2a081b14c61b44841ec49d95', 'cc0f2aa6bdbe38bc063501ca12a76fd5');
REPLACE INTO `rvs_layout_template_user` (`layout_template_user_id`, `layout_name`, `layout_template_name`) VALUES ('cc0f2aa6bdbe38bc063501ca12a76fd5', '4-8-4_0', 'Members');
REPLACE INTO `rvs_project_page_to_layout` (`project_page_id`, `project_id`, `layout_template_user_id`) VALUES ('74091d885d8d7e74eb2a1e77c53fe795', 'f70ff24e2a081b14c61b44841ec49d95', 'ad902f171d035e6ad6055cb738255562');
REPLACE INTO `rvs_layout_template_user` (`layout_template_user_id`, `layout_name`, `layout_template_name`) VALUES ('ad902f171d035e6ad6055cb738255562', '4-8-4_0', 'Join');
REPLACE INTO `rvs_project_page_to_layout` (`project_page_id`, `project_id`, `layout_template_user_id`) VALUES ('43b8b4048bcb817f216d40c5331137dc', 'f70ff24e2a081b14c61b44841ec49d95', '2bbc09df8122280387ee020d1fdd9b5e');
REPLACE INTO `rvs_project_page_to_layout` (`project_page_id`, `project_id`, `layout_template_user_id`) VALUES ('2fb9c2f25aa30225e3f9e7f816d3e8fd', 'f70ff24e2a081b14c61b44841ec49d95', '2bbc09df8122280387ee020d1fdd9b5e');
REPLACE INTO `rvs_project_page` (`project_page_id`, `rvs_usr_id`, `page_name`, `custom_page_name`, `rvs_component_id`, `page_data`, `page_data_zone_2`, `page_data_zone_3`, `page_data_zone_4`, `colume_width_1`, `colume_width_2`, `colume_width_3`, `rvs_layout_id`, `head`, `page_title`, `meta_keyword`, `meta_description`, `effect_page_enter`, `duration_page_enter`, `meta_page_effect`, `rvs_link_id`, `target`, `form_template_id`, `i_pathway`, `i_mail`, `i_print`, `i_favorite`, `last_modifier`, `link_active`, `page_type`, `blank_page`, `set_draft`, `is_member_page`) VALUES ('acf8fb1244660ce1eeb8bb79d94b27bd', 'fd8bf9274dea4e6ce58215bbc9f4632a', 'News & Events', '', '0', '\r\n<div class=\"container\" style=\"width: 220px\"><img src=\"{IMAGE_URL}/carbine2.jpg\" width=\"200\" height=\"191\" border=\"0\" title=\"\" alt=\"\" /><br />\r\n<div>&nbsp;</div>\r\n<div>&nbsp;</div>\r\n<div>&nbsp;</div>\r\n<div>&nbsp;</div> </div>', '\r\n<h3 align=\"center\">Central Carolina Gun Club Events</h3>\r\n<h5>&nbsp;</h5>\r\n<div align=\"center\"><font style=\"font-size: 24px\"><u></u>Cookout &amp; Open House</font></div>\r\n<div align=\"center\"><font style=\"font-size: 18px\">Sunday, April 27th 1:00 PM</font></div>\r\n<div align=\"center\"><font size=\"4\"><span style=\"line-height: 18px\">Please <a title=\"\" href=\"http://centralcarolinagunclub.wildapricot.org/widget/events?eventId=875950&amp;EventViewMode=2&amp;CalendarViewType=1&amp;SelectedDate=4/22/2014\"><strong><u><font style=\"font-size: 18px\">Register</font></u></strong></a></span></font></div>\r\n<div align=\"center\"><font size=\"4\"><span style=\"line-height: 18px\"><br />\r\n</span></font></div>\r\n<div align=\"center\">&nbsp;</div>\r\n<div align=\"center\">&nbsp;</div>\r\n<h5 align=\"center\">We are currently rescheduling our Spring event due to the wet weather delaying range construction</h5>\r\n<div align=\"center\"><font style=\"font-size: 24px\"></font></div>\r\n<div><font style=\"font-size: large\"><br />\r\n</font></div>\r\n<div><font style=\"font-size: large\"><br />\r\n</font></div>', '\r\n<div class=\"container\" style=\"width: 220px\"><img src=\"{IMAGE_URL}/juniorshooter1.jpg\" width=\"200\" height=\"167\" border=\"0\" title=\"\" alt=\"\" /><br />\r\n</div>', NULL, NULL, NULL, NULL, '16', '', NULL, NULL, NULL, NULL, NULL, '', '', '', '', NULL, NULL, NULL, NULL, '1395464469', NULL, NULL, '0', '0', '0');
REPLACE INTO `rvs_project_page` (`project_page_id`, `rvs_usr_id`, `page_name`, `custom_page_name`, `rvs_component_id`, `page_data`, `page_data_zone_2`, `page_data_zone_3`, `page_data_zone_4`, `colume_width_1`, `colume_width_2`, `colume_width_3`, `rvs_layout_id`, `head`, `page_title`, `meta_keyword`, `meta_description`, `effect_page_enter`, `duration_page_enter`, `meta_page_effect`, `rvs_link_id`, `target`, `form_template_id`, `i_pathway`, `i_mail`, `i_print`, `i_favorite`, `last_modifier`, `link_active`, `page_type`, `blank_page`, `set_draft`, `is_member_page`) VALUES ('6f2d6cbfd3fb4eac3857eafa96660ede', 'fd8bf9274dea4e6ce58215bbc9f4632a', 'Home', '', '0', '\r\n<div align=\"center\"><br />\r\n<div>\r\n<table style=\"width: 100%; border-collapse: collapse\" cellspacing=\"0\" cellpadding=\"3\" bordercolor=\"#000000\" border=\"0\">\r\n<tbody>\r\n<tr valign=\"top\">\r\n<td>\r\n<div align=\"center\"><a title=\"\" href=\"https://membership.nrahq.org/forms/signup.asp?campaignid=XC028513\"><img src=\"{IMAGE_URL}/NRAbanner.jpg\" width=\"728\" height=\"90\" border=\"0\" title=\"\" alt=\"\" /></a></div></td></tr></tbody></table></div>&nbsp;</div>\r\n<div align=\"center\">\r\n<div>\r\n<table align=\"center\" bordercolor=\"#000000\" style=\"width: 90%; border-collapse: collapse\" border=\"0\" cellspacing=\"0\" cellpadding=\"3\">\r\n<tbody>\r\n<tr valign=\"top\">\r\n<td background=\"{IMAGE_URL}/washout.jpg\">\r\n<h3 align=\"center\"><u><br />\r\n</u></h3>\r\n<h3 align=\"center\"><u>CENTRAL CAROLINA GUN CLUB</u></h3>\r\n<h4>CCGCI is a non-profit club located in Burlington, NC. We started accepting members at the end of 2012 and currently have 260 members. There currently is no waiting list for now. Please visit our FAQ page under \'Join\' for more information on membership.</h4>\r\n<h4><br />\r\nOur site currently has two multi-purpose pistol pits and a 100/200 yard rifle range. The range is open during daylight hours - 7 days a week - 365 days a year. We have a busy 2014 planned. We have already purchased two storage buildings, and our club shelter is just about to get a much needed face lift. Other 2014 projects include:</h4>\r\n<div>&nbsp;</div>\r\n<h4>\r\n<ul>\r\n<li><span style=\"line-height: 30px\">Moving the rear berm on 100/200 yard range (complete!)</span></li>\r\n<li><span style=\"line-height: 30px\">Concrete pad on 100/200 yard range</span></li>\r\n<li><span style=\"line-height: 30px\">Covered shelter on 100/200 yard range</span></li>\r\n<li><span style=\"line-height: 30px\">Additional smaller pistol bays</span></li>\r\n<li><span style=\"line-height: 30px\">More shooting benches</span></li>\r\n<li><span style=\"line-height: 30px\">600/1,000 yard range continued construction</span></li></ul></h4></td></tr></tbody></table></div><br />\r\n</div>\r\n<h3 align=\"center\"><a title=\"\" href=\"http://ccgci.org/ccgcigallery/\"><strong><font style=\"font-size: 24px\">Check out our Photo Gallery!</font></strong></a></h3>\r\n<h2 style=\"font-family: Geneva, sans-serif; font-style: normal; font-variant: normal\">\r\n<table bordercolor=\"#ffffff\" style=\"width: 100%; font-size: 35px\" border=\"0\" cellspacing=\"0\" cellpadding=\"3\">\r\n<tbody>\r\n<tr valign=\"top\">\r\n<td>\r\n<div style=\"line-height: 12.15px; font-family: Geneva, sans-serif; font-size: 12px; font-style: normal; font-variant: normal\"><font size=\"3\"><span style=\"line-height: 16px\">\r\n<hr color=\"#000000\" style=\"width: 100%; height: 1px; background-color: #000000\" noshade=\"noshade\" />\r\n<ul>\r\n<li>Want to join our club? Start your membership application <a title=\"\" href=\"http://www.ccgci.org/Join.php\">here</a><br />\r\n</li>\r\n<li>Application complete? Register for a range orientation class <a title=\"\" href=\"http://www.ccgci.org/Calendar.php\">here</a></li>\r\n<li>Have a questions about our range? Ask a member in our public forum <a title=\"\" href=\"http://ccgci.org/Forum.php\">here</a></li>\r\n<li>Read our Frequently Asked Questions (FAQ) page <a title=\"\" href=\"http://www.ccgci.org/FAQ.php\">here</a></li>\r\n<li>Still have questions? Send an email to info@ccgci.org<span style=\"line-height: 18px\">&nbsp;</span></li></ul></span></font></div><font face=\"Geneva, sans-serif\"><span style=\"line-height: 12.15px; font-size: 12px\"><a class=\"aw-widget-legal\" href=\"http://www.accuweather.com/en/us/burlington-nc/27217/weather-forecast/329825\"></a></span></font>\r\n<div class=\"aw-widget-current\" id=\"awcc1391802703067\" style=\"line-height: 12.15px; font-family: Geneva, sans-serif; font-size: 12px; font-style: normal; font-variant: normal\" data-uid=\"awcc1391802703067\" data-useip=\"false\" data-language=\"en-us\" data-unit=\"f\" data-locationkey=\"329825\"></div><span style=\"line-height: 12.15px; font-size: 12px\"><script type=\"text/javascript\" src=\"http://oap.accuweather.com/launch.js\"></script></span></td></tr></tbody></table></h2> <br />\r\n<br /> <br />', NULL, NULL, NULL, NULL, NULL, NULL, '10', '', NULL, NULL, NULL, NULL, NULL, '', '', '', '', NULL, NULL, NULL, NULL, '1395808293', NULL, NULL, '0', '0', '0');
REPLACE INTO `rvs_project_page` (`project_page_id`, `rvs_usr_id`, `page_name`, `custom_page_name`, `rvs_component_id`, `page_data`, `page_data_zone_2`, `page_data_zone_3`, `page_data_zone_4`, `colume_width_1`, `colume_width_2`, `colume_width_3`, `rvs_layout_id`, `head`, `page_title`, `meta_keyword`, `meta_description`, `effect_page_enter`, `duration_page_enter`, `meta_page_effect`, `rvs_link_id`, `target`, `form_template_id`, `i_pathway`, `i_mail`, `i_print`, `i_favorite`, `last_modifier`, `link_active`, `page_type`, `blank_page`, `set_draft`, `is_member_page`) VALUES ('2fb9c2f25aa30225e3f9e7f816d3e8fd', 'fd8bf9274dea4e6ce58215bbc9f4632a', 'Store', '', '', '<div class=\"container\" style=\"width: 940px\">\r\n<h3 align=\"center\">Central Carolina Gun Club Merchantise</h3>\r\n<div align=\"center\"><font style=\"font-size: 16px\">By Christy Barbry</font></div>\r\n<div align=\"center\"><font style=\"font-size: 16px\"><br />\r\n</font></div>\r\n<div align=\"center\"><font style=\"font-size: 16px\">\r\n<hr align=\"center\" color=\"#0000ff\" noshade=\"noshade\" style=\"width: 75%; height: 1px; background-color: #0000ff\" /><br />\r\n</font></div>\r\n<div>&nbsp;</div>\r\n<div align=\"center\">&nbsp;<img src=\"{IMAGE_URL}/tshirts.jpg\" width=\"350\" height=\"215\" border=\"0\" title=\"\" alt=\"\" align=\"top\" /></div>\r\n<div align=\"center\"><font style=\"font-size: 18px\">CCGCI T-Shirts in Gray or Blue</font></div>\r\n<div align=\"center\"><font style=\"font-size: 18px\">$15 for S, M, L, XL</font></div>\r\n<div align=\"center\"><font size=\"4\"><span style=\"line-height: 18px\">$18 for XXL, XXXL (gray only)</span></font></div>\r\n<div align=\"center\"><font size=\"4\"><span style=\"line-height: 18px\"><br />\r\n</span></font></div>\r\n<div align=\"center\"><font size=\"4\"><span style=\"line-height: 18px\">\r\n<hr align=\"center\" color=\"#0000ff\" noshade=\"noshade\" style=\"width: 75%; height: 1px; background-color: #0000ff\" /><br />\r\n</span></font></div>\r\n<div align=\"center\"><font style=\"font-size: 18px\"><img src=\"{IMAGE_URL}/CCGCILOGOBMP.jpg\" width=\"200\" height=\"96\" border=\"0\" title=\"\" alt=\"\" />&nbsp;<img src=\"{IMAGE_URL}/CCGCILOGOblack.jpg\" width=\"200\" height=\"96\" border=\"0\" title=\"\" alt=\"\" /><br />\r\n</font></div>\r\n<div>&nbsp;</div>\r\n<div>&nbsp;</div>\r\n<div align=\"center\"><font style=\"font-size: 18px\">&nbsp;CCGCI Aluminum License plates</font></div>\r\n<div align=\"center\"><font style=\"font-size: 18px\">$8.00 for either color combo above</font></div>\r\n<div align=\"center\"><font style=\"font-size: 18px\"><br />\r\n</font></div>\r\n<div align=\"center\"><font style=\"font-size: 18px\">\r\n<hr align=\"center\" color=\"#0000ff\" noshade=\"noshade\" style=\"width: 75%; height: 1px; background-color: #0000ff\" /><br />\r\n</font></div>\r\n<div align=\"center\"><font style=\"font-size: 18px\"><img src=\"{IMAGE_URL}/CCGCILOGOBMP.jpg\" width=\"300\" height=\"143\" border=\"0\" title=\"\" alt=\"\" /><br />\r\n</font></div>\r\n<div align=\"center\">&nbsp;</div>\r\n<div align=\"center\"><font style=\"font-size: 18px\">CCGCI Vinyl Window Decals</font></div>\r\n<div align=\"center\"><font style=\"font-size: 18px\">$3.00 Available in white or black</font></div>\r\n<div align=\"center\"><font style=\"font-size: 18px\">~12 year life expectancy</font></div>\r\n<div align=\"center\"><font style=\"font-size: 18px\"><br />\r\n</font></div>\r\n<div align=\"center\"><font style=\"font-size: 18px\">\r\n<hr align=\"center\" color=\"#0000ff\" noshade=\"noshade\" style=\"width: 75%; height: 1px; background-color: #0000ff\" />Christy has her merchantise available at Club Meetings and Cookouts.</font></div>\r\n<div align=\"center\"><font style=\"font-size: 18px\">For questions/orders please send Christy an email: andfurthermore@bellsouth.net</font></div>', NULL, NULL, NULL, NULL, NULL, NULL, '10', '', NULL, NULL, NULL, NULL, NULL, '', '', '_self', '', NULL, NULL, NULL, NULL, '1393132613', NULL, NULL, '0', '0', '0');
REPLACE INTO `rvs_project_page` (`project_page_id`, `rvs_usr_id`, `page_name`, `custom_page_name`, `rvs_component_id`, `page_data`, `page_data_zone_2`, `page_data_zone_3`, `page_data_zone_4`, `colume_width_1`, `colume_width_2`, `colume_width_3`, `rvs_layout_id`, `head`, `page_title`, `meta_keyword`, `meta_description`, `effect_page_enter`, `duration_page_enter`, `meta_page_effect`, `rvs_link_id`, `target`, `form_template_id`, `i_pathway`, `i_mail`, `i_print`, `i_favorite`, `last_modifier`, `link_active`, `page_type`, `blank_page`, `set_draft`, `is_member_page`) VALUES ('6703c8696853c08cff06d5fa388aed32', 'fd8bf9274dea4e6ce58215bbc9f4632a', 'Bylaws & Policies', '', '', '\r\n<div>\r\n<table style=\"width: 100%; border-collapse: collapse\" cellspacing=\"0\" cellpadding=\"3\" bordercolor=\"#000000\" border=\"0\">\r\n<tbody>\r\n<tr valign=\"top\">\r\n<td>\r\n<h3><font face=\"Geneva\">CCGCI Range Rules - Updated 02.20.2014</font></h3></td>\r\n<td width=\"5%\">\r\n<div>&nbsp;</div></td>\r\n<td width=\"20%\">\r\n<h4 align=\"left\"><font face=\"Geneva\">CLUB DOCUMENTS</font></h4></td></tr>\r\n<tr valign=\"top\" align=\"left\">\r\n<td align=\"left\" width=\"50%\">\r\n<div align=\"left\"></div>\r\n<h6 align=\"left\"><font face=\"Geneva\">1. CCGCI is a cold range. Therefore, all firearms shall be unloaded before entering the property.</font></h6>\r\n<h6><font face=\"Geneva\">&nbsp; (a) All firearms must be cased or left inside a secured vehicle unless transporting the firearms directly to and from the shooting area.</font></h6>\r\n<h6><font face=\"Geneva\">&nbsp; (b) Firearms shall not be locked or loaded unless on the firing line and the range is hot.</font></h6>\r\n<h6><font face=\"Geneva\">&nbsp; (c) If the range is cold, all firearms shall be unloaded (no magazine) and have an open chamber<sup>1</sup></font></h6>\r\n<h6><font face=\"Geneva\">&nbsp; (d) Exception to the rule are firearms being caried under the guidelines of a Concealed Carry Permit or Sworn Law Enforcement Officers who are authorized by state or federal law to carry a concealed firearm.</font></h6>\r\n<h6><font face=\"Geneva\">&nbsp;</font></h6>\r\n<h6><font face=\"Geneva\">2. If in doubt, zero all firearms on paper in the pistols pits before moving to the rifle range.</font></h6>\r\n<h6><font face=\"Geneva\">3. Proper muzzle control must be observed at all times.</font></h6>\r\n<h6><font face=\"Geneva\">4. No handling of firearms while the range is cold or if a &quot;cease-fire&quot; has been called.</font></h6>\r\n<h6><font face=\"Geneva\">5. All firearms shall be treated as if they are loaded at all times.</font></h6>\r\n<h6><font face=\"Geneva\">6. Bumpfire<sup>2</sup> shooting is NOT allowed.</font></h6>\r\n<h6><font face=\"Geneva\">7. Shooting with full-auto, slide-fire stocks<sup>3</sup> or calibers greater than .30<sup>4</sup> is only permitted when authorized and approved, in writing, by the Rangemaster.</font></h6>\r\n<h6><font face=\"Geneva\">8. No full-auto shooting will be conducted at targets beyond 50 yards.</font></h6>\r\n<h6><font face=\"Geneva\">9. Only shooters, scorers, Range Safety Officers (RSO) and coaches/trainers are allowed on the firing line.</font></h6>\r\n<h6><font face=\"Geneva\">10. All targets must be placed directly in front of existing berms and shall NOT be placed above eye level of the shooter. The placing of targets or target frames at distances that are less than the 100 and 200-yard berms on the rifle range is prohibited.</font></h6>\r\n<h6><font face=\"Geneva\">11. No loose caps or open powder on the firing line.</font></h6>\r\n<h6><font face=\"Geneva\">12. Misfires will be cleared before anyone goes down range.</font></h6>\r\n<h6><font face=\"Geneva\">13. No capping of firearms until they are on the firing line and muzzle control is observed.</font></h6>\r\n<h6><font face=\"Geneva\">14. Slugs, buckshot and large shot can only be used in an approved area and cannot be shot into existing target boards.</font></h6>\r\n<h6><font face=\"Geneva\">15. All shooting shall be directed into berms on Rangemaster approved ranges only, unless the target is a thrown clay target on an approved shotgun range.</font></h6>\r\n<h6><font face=\"Geneva\">16. Handgun shooting is not allowed on the rifle range without approval of the Rangemaster.</font></h6>\r\n<h6><font face=\"Geneva\">17. All shotgun ammunition for thrown clay targets will be no greater than #7 1/2. Thrown clay targets cannot be shot at with any firearm other than a shotgun.</font></h6>\r\n<h6><font face=\"Geneva\">18. Appropriate targets will be used so that all bullets, shot, etc. strike the berm. Only metal targets that are already installed on the rifle range may be used. You may not bring and shoot your own metal targets unless they are approved by the Rangemaster.</font></h6>\r\n<h6><font face=\"Geneva\">19. No glass or other targets that leave debris are allowed on the pistol or rifle ranges. The only exception to this rule is the use of biodegradable clay targets.</font></h6>\r\n<h6><font face=\"Geneva\">20. No tracer, explosive or other incendiary ammunition is allowed at any time.</font></h6>\r\n<h6><font face=\"Geneva\">21. Exploding targets are only allowed when approved, in writing, by the Rangemaster. Shooting exploding targets is to be conducted under the direct supervision of a Range Safety Officer (RSO) who is approved by the Rangemaster.</font></h6>\r\n<h6><font face=\"Geneva\">22. Eye and ear protection is required for all shooters and spectators while on the firing line and while in proximity of the firing line.</font></h6>\r\n<h6><font face=\"Geneva\">23. Members are responsible for the children, guests and pets.</font></h6>\r\n<h6><font face=\"Geneva\">24. NO ALCOHOLIC BEVERAGES ARE ALLOWED ON THE RANGE AT ANY TIME.</font></h6>\r\n<h6><font face=\"Geneva\">25. No member or guest will be permitted on the range while under the influence of alcohol or drugs.</font></h6>\r\n<h6><font face=\"Geneva\">26. All members while on range property, must display their membership cards.</font></h6>\r\n<h6><font face=\"Geneva\">27. No driving on the range at any time.</font></h6>\r\n<h6><font face=\"Geneva\">28. Failure to follow these rules will result in disciplinary actions, which may include revocation of membership.</font></h6>\r\n<h6><font face=\"Geneva\">&nbsp;</font></h6>\r\n<h6><font face=\"Geneva\">Open chamber<sup>1</sup>: Open breech for rifles, shotguns and pistols. Cylinders exposed for revolvers. Muzzle loaders shall not be loaded or have firing cap installed.&nbsp;</font></h6>\r\n<h6><font face=\"Geneva\">&nbsp;</font></h6>\r\n<h6><font face=\"Geneva\">Bumpfire<sup>2</sup>: Act of using the recoil of a semi-automatic firearm to fire multiple shots in rapid succession, which very crudely simulates the discharge of a fully automatic firearm. Typically shot from the hip and not controllable.</font></h6>\r\n<h6><font face=\"Geneva\">&nbsp;</font></h6>\r\n<h6><font face=\"Geneva\">Slide-fire Stock<sup>3</sup>: Is not an adjustable stock or trigger manipulation device. Designed to shoot from the shoulder allowing shooter to maintain their direction of fire.</font></h6>\r\n<h6><font face=\"Geneva\"><br />\r\n</font></h6>\r\n<h6><font face=\"Geneva\">.30 caliber rule<sup>4</sup>: This is an NRA rule that applies to rifle calibers only. Calibers up to but NOT including 338 Lapua may be used at CCGCI.</font></h6>\r\n<h6><font face=\"Geneva\">&nbsp;</font></h6>\r\n<h6><a title=\"\" href=\"{DOCUMENT_URL}/CCGCIRangeRules02.20.14.pdf\"><font face=\"Geneva\">Printer Friendly Copy</font></a></h6></td>\r\n<td>\r\n<div>&nbsp;</div></td>\r\n<td>\r\n<div>\r\n<h5><a title=\"\" href=\"{DOCUMENT_URL}/CCGCIBylawsRev3.pdf\" style=\"font-style: inherit; font-weight: inherit; line-height: 18px\">Bylaws</a><span style=\"font-family: Geneva; line-height: 18px\">&nbsp;-&nbsp;</span><span style=\"font-family: Geneva; line-height: 18px\">Updated 11.06.2013</span><br />\r\n<span style=\"line-height: 18px\"><font face=\"Geneva\"><br />\r\n</font></span><span style=\"font-family: Geneva; line-height: 18px\"><a title=\"\" href=\"{DOCUMENT_URL}/CCGCIPNPRev4.pdf\">Policies &amp; Procedures</a>&nbsp;- Updated 02.20.2014</span><br />\r\n</h5></div></td></tr></tbody></table></div>', NULL, NULL, NULL, NULL, NULL, NULL, '10', '', NULL, NULL, NULL, NULL, NULL, '', '', '_self', '', NULL, NULL, NULL, NULL, '1393806396', NULL, NULL, '0', '0', '0');
REPLACE INTO `rvs_project_page` (`project_page_id`, `rvs_usr_id`, `page_name`, `custom_page_name`, `rvs_component_id`, `page_data`, `page_data_zone_2`, `page_data_zone_3`, `page_data_zone_4`, `colume_width_1`, `colume_width_2`, `colume_width_3`, `rvs_layout_id`, `head`, `page_title`, `meta_keyword`, `meta_description`, `effect_page_enter`, `duration_page_enter`, `meta_page_effect`, `rvs_link_id`, `target`, `form_template_id`, `i_pathway`, `i_mail`, `i_print`, `i_favorite`, `last_modifier`, `link_active`, `page_type`, `blank_page`, `set_draft`, `is_member_page`) VALUES ('7e132ddc233e0263627cf5d7bb05d515', 'fd8bf9274dea4e6ce58215bbc9f4632a', 'Location', '', '', '\r\n<div class=\"container\" style=\"width: 220px\"><img src=\"{IMAGE_URL}/roadsigncrop.jpg\" width=\"280\" height=\"267\" border=\"0\" title=\"\" alt=\"\" /><br />\r\n<div>&nbsp;</div>\r\n<div>&nbsp;</div>\r\n<div>&nbsp;</div> </div>', '\r\n<div>\r\n<h2 align=\"center\">The range in is Alamance County, N.C.&nbsp;</h2>\r\n<h2 align=\"center\">The address is&nbsp;5167 N. NC Hwy 62</h2>\r\n<h2 align=\"center\">Burlington, NC 27217</h2>\r\n<div align=\"center\">&nbsp;</div>\r\n<div align=\"center\"><font style=\"font-size: 16px\">GPS coordinates for the range entrance:</font></div>\r\n<div align=\"center\"><strong><font style=\"font-size: 16px\">36.185697, -79.356734</font></strong></div></div>\r\n<div align=\"center\"><strong><font style=\"font-size: 16px\"><br />\r\n</font></strong></div>\r\n<div align=\"center\"><strong><font style=\"font-size: 16px\"><img src=\"{IMAGE_URL}/5167.jpg\" width=\"75%\" height=\"51%\" border=\"0\" title=\"\" alt=\"\" /><br />\r\n</font></strong></div>', NULL, NULL, NULL, NULL, NULL, '13', '', NULL, NULL, NULL, NULL, NULL, '', '', '_self', '', NULL, NULL, NULL, NULL, '1392137168', NULL, NULL, '0', '0', '0');
REPLACE INTO `rvs_project_page` (`project_page_id`, `rvs_usr_id`, `page_name`, `custom_page_name`, `rvs_component_id`, `page_data`, `page_data_zone_2`, `page_data_zone_3`, `page_data_zone_4`, `colume_width_1`, `colume_width_2`, `colume_width_3`, `rvs_layout_id`, `head`, `page_title`, `meta_keyword`, `meta_description`, `effect_page_enter`, `duration_page_enter`, `meta_page_effect`, `rvs_link_id`, `target`, `form_template_id`, `i_pathway`, `i_mail`, `i_print`, `i_favorite`, `last_modifier`, `link_active`, `page_type`, `blank_page`, `set_draft`, `is_member_page`) VALUES ('f3716a45fcdfd307afce416b43055cf2', 'fd8bf9274dea4e6ce58215bbc9f4632a', 'Event Registration', '', '', '\r\n<div>&nbsp;</div>\r\n<h4>Currently no matches are open for registration.<br />\r\nCheck out our photo gallery for pictures from February 22nd Black Rifle Shoot</h4>\r\n<div>&nbsp;</div>\r\n<h4>RESULTS:</h4>\r\n<div>02.22.2014 <a title=\"\" href=\"{DOCUMENT_URL}/2.22.14BlackRifleShootresults.pdf\">Black Rifle Shoot</a></div>', NULL, NULL, NULL, NULL, NULL, NULL, '10', '', NULL, NULL, NULL, NULL, NULL, '', '', '_self', '', NULL, NULL, NULL, NULL, '1393791297', NULL, NULL, '0', '0', '0');
REPLACE INTO `rvs_project_page` (`project_page_id`, `rvs_usr_id`, `page_name`, `custom_page_name`, `rvs_component_id`, `page_data`, `page_data_zone_2`, `page_data_zone_3`, `page_data_zone_4`, `colume_width_1`, `colume_width_2`, `colume_width_3`, `rvs_layout_id`, `head`, `page_title`, `meta_keyword`, `meta_description`, `effect_page_enter`, `duration_page_enter`, `meta_page_effect`, `rvs_link_id`, `target`, `form_template_id`, `i_pathway`, `i_mail`, `i_print`, `i_favorite`, `last_modifier`, `link_active`, `page_type`, `blank_page`, `set_draft`, `is_member_page`) VALUES ('de50804ae30cb1478c7c2b43c524e231', 'fd8bf9274dea4e6ce58215bbc9f4632a', 'Calendar', '', '', '\r\n<div class=\"container\" style=\"width: 940px\">\r\n<h3 align=\"center\">Central Carolina Gun Club Event Calendar</h3>\r\n<h5 align=\"center\">To see events in list format, click the link in the upper right corner of calendar.</h5>\r\n<h5 align=\"center\"></h5> </div>\r\n<iframe width=\"100%\" height=\"1000px\" frameborder=\"no\" src=\"http://centralcarolinagunclub.wildapricot.org/widget/default.aspx?pageId=1468827\" onload=\"tryToEnableWACookies(&quot;http://centralcarolinagunclub.wildapricot.org&quot;);\"></iframe><br />\r\n<font style=\"color: #ccc; font-size: 9px; font-family: Verdana, Arial, Helvetica, sans-serif\">Powered by Wild Apricot <a style=\"color: #ccc\" href=\"http://www.wildapricot.com/features\" target=\"_blank\">Membership Software</a></font><script  type=\"text/javascript\" language=\"javascript\" src=\"http://centralcarolinagunclub.wildapricot.org/Common/EnableCookies.js\" ></script>', NULL, NULL, NULL, NULL, NULL, NULL, '10', '', NULL, NULL, NULL, NULL, NULL, '', '', '_self', '', NULL, NULL, NULL, NULL, '1391896698', NULL, NULL, '0', '0', '0');
REPLACE INTO `rvs_project_page` (`project_page_id`, `rvs_usr_id`, `page_name`, `custom_page_name`, `rvs_component_id`, `page_data`, `page_data_zone_2`, `page_data_zone_3`, `page_data_zone_4`, `colume_width_1`, `colume_width_2`, `colume_width_3`, `rvs_layout_id`, `head`, `page_title`, `meta_keyword`, `meta_description`, `effect_page_enter`, `duration_page_enter`, `meta_page_effect`, `rvs_link_id`, `target`, `form_template_id`, `i_pathway`, `i_mail`, `i_print`, `i_favorite`, `last_modifier`, `link_active`, `page_type`, `blank_page`, `set_draft`, `is_member_page`) VALUES ('00e345e970c5fb264b5ace4fed754e16', 'fd8bf9274dea4e6ce58215bbc9f4632a', 'Subscribe to Newsletter', '', '', '\r\n<div class=\"container\" style=\"width: 940px\">\r\n<h3 align=\"center\">Central Carolina Gun Club Newsletter</h3>\r\n<h5 align=\"center\">Please fill out the form below to start receiving our Newsletters and event information.<br />\r\nYou can unsubscribe at any time. CCGCI will not share your information with anyone else.</h5>\r\n<div>&nbsp;</div>\r\n<div>&nbsp;</div>\r\n<div>&nbsp;</div>\r\n<div>&nbsp;</div> </div>\r\n\r\n\r\n<iframe width=\'100%\' height=\'400px\' frameborder=\'no\' src=\'http://centralcarolinagunclub.wildapricot.org/widget/default.aspx?pageId=1461990\'  onload=\'tryToEnableWACookies(\"http://centralcarolinagunclub.wildapricot.org\");\' ></iframe><br/><font style=\'color:#ccc;font-size:9px;font-family: Verdana, Arial, Helvetica, sans-serif;\'>Powered by Wild Apricot <a style=\'color:#ccc\' href=\'http://www.wildapricot.com/features\' target=\'_blank\'>Membership Software</a></font><script  type=\"text/javascript\" language=\"javascript\" src=\"http://centralcarolinagunclub.wildapricot.org/Common/EnableCookies.js\" ></script>', NULL, NULL, NULL, NULL, NULL, NULL, '10', '', NULL, NULL, NULL, NULL, NULL, '', '', '_self', '', NULL, NULL, NULL, NULL, '1391904230', NULL, NULL, '0', '0', '0');
REPLACE INTO `rvs_project_page` (`project_page_id`, `rvs_usr_id`, `page_name`, `custom_page_name`, `rvs_component_id`, `page_data`, `page_data_zone_2`, `page_data_zone_3`, `page_data_zone_4`, `colume_width_1`, `colume_width_2`, `colume_width_3`, `rvs_layout_id`, `head`, `page_title`, `meta_keyword`, `meta_description`, `effect_page_enter`, `duration_page_enter`, `meta_page_effect`, `rvs_link_id`, `target`, `form_template_id`, `i_pathway`, `i_mail`, `i_print`, `i_favorite`, `last_modifier`, `link_active`, `page_type`, `blank_page`, `set_draft`, `is_member_page`) VALUES ('94aceca5f253e9a582b522074f7bf88d', 'fd8bf9274dea4e6ce58215bbc9f4632a', 'Meeting Minutes', '', '', '\r\n<div class=\"container\" style=\"width: 940px\">\r\n<h3 align=\"center\">Central Carolina Gun Club Meeting Minutes</h3>\r\n<div>\r\n<ul>\r\n<li><font style=\"font-size: 14px\">Club meeting minutes will be posted after they are approved at the following club meeting.<br />\r\n</font></li>\r\n<li><font style=\"font-size: 14px\">If you have a topic you wish to have added to the meeting agenda, please submit your request to the secretary (sec@ccgci.org) no later than seven days prior to the meeting.</font><br />\r\n</li></ul>\r\n<h6><font style=\"font-size: 18px\"><span style=\"line-height: 18px; font-size: 14px\">2013-10-19 </span><a title=\"\" style=\"line-height: 18px; font-style: inherit; font-weight: inherit\" href=\"{DOCUMENT_URL}/CCGCIMeetingMinutes10.19.2013.pdf\">Minutes</a></font><font style=\"font-size: 18px\"><br />\r\n</font></h6>\r\n<h6><font style=\"font-size: 18px\"><span style=\"line-height: 18px; font-size: 14px\">2013-11-20 </span><a title=\"\" style=\"line-height: 18px; font-style: inherit; font-weight: inherit\" href=\"{DOCUMENT_URL}/CCGCIMeetingMinutes11.20.2013.pdf\">Minutes<br />\r\n</a></font><font style=\"font-size: 18px\"><span style=\"line-height: 18px; font-size: 14px\">2013-12-18 </span><a title=\"\" style=\"line-height: 18px; font-style: inherit; font-weight: inherit\" href=\"{DOCUMENT_URL}/CCGCIMeetingMinutes12.18.2013.pdf\">Minutes<br />\r\n</a></font><font style=\"font-size: 18px\"><span style=\"line-height: 18px; font-size: 14px\">2014-01-22 <a title=\"\" href=\"{DOCUMENT_URL}/CCGCIMeetingMinutes01.22.2014.pdf\">Minutes<br />\r\n</a></span></font><font style=\"font-size: 18px\"><span style=\"line-height: 18px; font-size: 14px\">\r\n2014-02-18 <a title=\"\" href=\"{DOCUMENT_URL}/CCGCIMeetingMinutes02.18.2014.pdf\">Minutes</a></span></font></h6>\r\n<h6><font style=\"font-size: 14px\">2014-03-12 <a title=\"\" href=\"{DOCUMENT_URL}/CCGCIMeetingMinutes03.18.2014DRAFT.pdf\">Draft</a></font></h6>\r\n<div><font style=\"font-size: 14px\">2014-04-15 <a title=\"\" href=\"{DOCUMENT_URL}/CCGCIMeetingMinutes04.15.2014DRAFT.pdf\">Draft&nbsp;</a></font></div></div></div>', NULL, NULL, NULL, NULL, NULL, NULL, '10', '', NULL, NULL, NULL, NULL, NULL, '', '', '_self', '', NULL, NULL, NULL, NULL, '1397449521', NULL, NULL, '0', '0', '0');
REPLACE INTO `rvs_project_page` (`project_page_id`, `rvs_usr_id`, `page_name`, `custom_page_name`, `rvs_component_id`, `page_data`, `page_data_zone_2`, `page_data_zone_3`, `page_data_zone_4`, `colume_width_1`, `colume_width_2`, `colume_width_3`, `rvs_layout_id`, `head`, `page_title`, `meta_keyword`, `meta_description`, `effect_page_enter`, `duration_page_enter`, `meta_page_effect`, `rvs_link_id`, `target`, `form_template_id`, `i_pathway`, `i_mail`, `i_print`, `i_favorite`, `last_modifier`, `link_active`, `page_type`, `blank_page`, `set_draft`, `is_member_page`) VALUES ('c1ad40b999949587420fa5382fafe903', 'fd8bf9274dea4e6ce58215bbc9f4632a', 'About Us', '', '', '<div class=\"container\" style=\"width: 940px\">&nbsp;</div>\r\n<div class=\"container\" style=\"width: 940px\">&nbsp;</div>\r\n<div class=\"container\" style=\"width: 940px\">The History of CCGCI - Coming Soon</div>\r\n<div class=\"container\" style=\"width: 940px\">&nbsp;</div>\r\n<div class=\"container\" style=\"width: 940px\">&nbsp;</div>\r\n<div class=\"container\" style=\"width: 940px\">&nbsp;</div>\r\n<div class=\"container\" style=\"width: 940px\">\r\n<hr color=\"#0000ff\" noshade=\"noshade\" style=\"width: 100%; height: 1px; background-color: #0000ff\" />\r\n<h4>Executive Committee</h4></div>\r\n<div class=\"container\" style=\"width: 940px\">&nbsp;</div>\r\n<div class=\"container\" style=\"width: 940px\">President: Sam Russell, pres@ccgci.org</div>\r\n<div class=\"container\" style=\"width: 940px\">&nbsp;</div>\r\n<div class=\"container\" style=\"width: 940px\">Vice- President: Scott Stephens, vpres@ccgci.org</div>\r\n<div class=\"container\" style=\"width: 940px\">&nbsp;</div>\r\n<div class=\"container\" style=\"width: 940px\">Secretary: Carly Silos, sec@ccgci.org</div>\r\n<div class=\"container\" style=\"width: 940px\">&nbsp;</div>\r\n<div class=\"container\" style=\"width: 940px\">Treasurer: David Devine, treas@ccgci.org</div>\r\n<div class=\"container\" style=\"width: 940px\">&nbsp;</div>\r\n<div class=\"container\" style=\"width: 940px\">2nd Vice-President: Jed Norris, jednorris@bellsouth.net</div>\r\n<div class=\"container\" style=\"width: 940px\">&nbsp;</div>\r\n<div class=\"container\" style=\"width: 940px\">&nbsp;</div>\r\n<h4>Trustees:</h4>\r\n<div class=\"container\" style=\"width: 940px\">&nbsp;</div>\r\n<div class=\"container\" style=\"width: 940px\">Gerald Long</div>\r\n<div class=\"container\" style=\"width: 940px\">&nbsp;</div>\r\n<div class=\"container\" style=\"width: 940px\">Ronnie Beal</div>\r\n<div class=\"container\" style=\"width: 940px\">&nbsp;</div>\r\n<div class=\"container\" style=\"width: 940px\">Charlie Nichols</div>', NULL, NULL, NULL, NULL, NULL, NULL, '10', '', NULL, NULL, NULL, NULL, NULL, '', '', '_self', '', NULL, NULL, NULL, NULL, '1391882003', NULL, NULL, '0', '0', '0');
REPLACE INTO `rvs_project_page` (`project_page_id`, `rvs_usr_id`, `page_name`, `custom_page_name`, `rvs_component_id`, `page_data`, `page_data_zone_2`, `page_data_zone_3`, `page_data_zone_4`, `colume_width_1`, `colume_width_2`, `colume_width_3`, `rvs_layout_id`, `head`, `page_title`, `meta_keyword`, `meta_description`, `effect_page_enter`, `duration_page_enter`, `meta_page_effect`, `rvs_link_id`, `target`, `form_template_id`, `i_pathway`, `i_mail`, `i_print`, `i_favorite`, `last_modifier`, `link_active`, `page_type`, `blank_page`, `set_draft`, `is_member_page`) VALUES ('26d3a750da2669b024f0ca4c96166aaf', 'fd8bf9274dea4e6ce58215bbc9f4632a', 'Contact Us', '', '', '<div class=\"container\" style=\"width: 940px\">\r\n<div>\r\n<h1 align=\"center\">Contact Information</h1>\r\n<div>&nbsp;</div>\r\n<div align=\"center\"><font style=\"font-size: 16px\">Email: info@ccgci.org</font></div>\r\n<div align=\"center\"><font style=\"font-size: 16px\"><br />\r\n</font></div>\r\n<div align=\"center\"><font style=\"font-size: 16px\">Voice mail: 336-484-1645</font></div>\r\n<div align=\"center\"><font style=\"font-size: 16px\"><br />\r\n</font></div>\r\n<div align=\"center\"><font style=\"font-size: 16px\">Mailing address (not for membership payments):</font></div>\r\n<div align=\"center\"><font style=\"font-size: 16px\"><br />\r\n</font></div>\r\n<div align=\"center\"><font style=\"font-size: 16px\">CCGCI</font></div>\r\n<div align=\"center\"><font style=\"font-size: 16px\">PO Box 9163</font></div>\r\n<div align=\"center\"><font style=\"font-size: 16px\">Greensboro, NC 27429</font></div></div><br />\r\n<div>&nbsp;</div>\r\n<div>&nbsp;</div>\r\n<div>&nbsp;</div>\r\n<div>&nbsp;</div>', NULL, NULL, NULL, NULL, NULL, NULL, '10', '', NULL, NULL, NULL, NULL, NULL, '', '', '_self', '', NULL, NULL, NULL, NULL, '1391881665', NULL, NULL, '0', '0', '0');
REPLACE INTO `rvs_project_page` (`project_page_id`, `rvs_usr_id`, `page_name`, `custom_page_name`, `rvs_component_id`, `page_data`, `page_data_zone_2`, `page_data_zone_3`, `page_data_zone_4`, `colume_width_1`, `colume_width_2`, `colume_width_3`, `rvs_layout_id`, `head`, `page_title`, `meta_keyword`, `meta_description`, `effect_page_enter`, `duration_page_enter`, `meta_page_effect`, `rvs_link_id`, `target`, `form_template_id`, `i_pathway`, `i_mail`, `i_print`, `i_favorite`, `last_modifier`, `link_active`, `page_type`, `blank_page`, `set_draft`, `is_member_page`) VALUES ('fb3115bdc36e84e01c1470680e6e8a73', 'fd8bf9274dea4e6ce58215bbc9f4632a', 'Members', '', '', '<div class=\"container\" style=\"width: 220px\"><img src=\"{IMAGE_URL}/DSC_0026.jpg\" width=\"200\" height=\"134\" border=\"0\" title=\"\" alt=\"\" /><br />\r\n<div>&nbsp;</div>\r\n<div>&nbsp;</div>\r\n<div>&nbsp;</div>\r\n<div>&nbsp;</div>', '<h4 align=\"center\">Central Carolina Gun Club New Members</h4>\r\n<h5>Welcome to our newest members!</h5>\r\n<div>&nbsp;</div>\r\n<div>\r\n<ul>\r\n<li>John Bethea<br />\r\n</li>\r\n<li>Brandon Cislak<br />\r\n</li>\r\n<li>Garey Cummings<br />\r\n</li>\r\n<li>William Devereux<br />\r\n</li>\r\n<li>Michael Hess<br />\r\n</li>\r\n<li>James Holt<br />\r\n</li>\r\n<li>James Kivett<br />\r\n</li>\r\n<li>Donald Merner<br />\r\n</li>\r\n<li>Teresa Merner<br />\r\n</li>\r\n<li>Scott Meyer<br />\r\n</li>\r\n<li>Diane Meyer<br />\r\n</li>\r\n<li>Dan Newberry<br />\r\n</li>\r\n<li>Earl Senger<br />\r\n</li>\r\n<li>Thomas Williams<br />\r\n</li></ul></div>\r\n<div>&nbsp;</div>\r\n<div>&nbsp;</div>\r\n<div>&nbsp;</div>\r\n<div>&nbsp;</div>\r\n<div>&nbsp;</div>\r\n<div>&nbsp;</div>\r\n<div>&nbsp;</div>\r\n<div>&nbsp;</div>\r\n<div>&nbsp;</div>\r\n<div>&nbsp;</div>\r\n<div>&nbsp;</div>\r\n<div>&nbsp;</div>\r\n<div>&nbsp;</div>\r\n<div>&nbsp;</div>', '<img src=\"{IMAGE_URL}/DSC_0018.jpg\" width=\"200\" height=\"134\" border=\"0\" title=\"\" alt=\"\" />', NULL, NULL, NULL, NULL, '16', '', NULL, NULL, NULL, NULL, NULL, '', '', '_self', '', NULL, NULL, NULL, NULL, '1391905765', NULL, NULL, '0', '0', '0');
REPLACE INTO `rvs_project_page` (`project_page_id`, `rvs_usr_id`, `page_name`, `custom_page_name`, `rvs_component_id`, `page_data`, `page_data_zone_2`, `page_data_zone_3`, `page_data_zone_4`, `colume_width_1`, `colume_width_2`, `colume_width_3`, `rvs_layout_id`, `head`, `page_title`, `meta_keyword`, `meta_description`, `effect_page_enter`, `duration_page_enter`, `meta_page_effect`, `rvs_link_id`, `target`, `form_template_id`, `i_pathway`, `i_mail`, `i_print`, `i_favorite`, `last_modifier`, `link_active`, `page_type`, `blank_page`, `set_draft`, `is_member_page`) VALUES ('b03ed32ac86eb94110809f4464e5b4f5', 'fd8bf9274dea4e6ce58215bbc9f4632a', 'Profile', '', '', '\r\n<div class=\"container\" style=\"width: 940px\">\r\n<h3 align=\"center\">Central Carolina Gun Club Profile</h3>\r\n<div align=\"center\">(Requires Log-in)</div>\r\n<div>&nbsp;</div>\r\n<div>&nbsp;</div>\r\n<div>&nbsp;</div>\r\n<div>&nbsp;</div> </div>\r\n<iframe width=\"100%\" height=\"1000px\" frameborder=\"no\" src=\"http://centralcarolinagunclub.wildapricot.org/widget/Content/Members/MemberProfile.aspx\" onload=\"tryToEnableWACookies(&quot;http://centralcarolinagunclub.wildapricot.org&quot;);\"></iframe><br />\r\n<font style=\"color: #ccc; font-size: 9px; font-family: Verdana, Arial, Helvetica, sans-serif\">Powered by Wild Apricot <a style=\"color: #ccc\" href=\"http://www.wildapricot.com/features\" target=\"_blank\">Membership Software</a></font><script  type=\"text/javascript\" language=\"javascript\" src=\"http://centralcarolinagunclub.wildapricot.org/Common/EnableCookies.js\" ></script>', NULL, NULL, NULL, NULL, NULL, NULL, '10', '', NULL, NULL, NULL, NULL, NULL, '', '', '_self', '', NULL, NULL, NULL, NULL, '1391896887', NULL, NULL, '0', '0', '0');
REPLACE INTO `rvs_project_page` (`project_page_id`, `rvs_usr_id`, `page_name`, `custom_page_name`, `rvs_component_id`, `page_data`, `page_data_zone_2`, `page_data_zone_3`, `page_data_zone_4`, `colume_width_1`, `colume_width_2`, `colume_width_3`, `rvs_layout_id`, `head`, `page_title`, `meta_keyword`, `meta_description`, `effect_page_enter`, `duration_page_enter`, `meta_page_effect`, `rvs_link_id`, `target`, `form_template_id`, `i_pathway`, `i_mail`, `i_print`, `i_favorite`, `last_modifier`, `link_active`, `page_type`, `blank_page`, `set_draft`, `is_member_page`) VALUES ('f8a8cc745e763cf1518ff11f4aeaf993', 'fd8bf9274dea4e6ce58215bbc9f4632a', 'Directory', '', '', '\r\n<div class=\"container\" style=\"width: 940px\">\r\n<h3 align=\"left\">Central Carolina Gun Club Member Profiles</h3>\r\n<h5 align=\"left\">Restricted to members only<br />\r\nYour profile settings determine what is shared with other members</h5>\r\n<div>&nbsp;</div>\r\n<div>&nbsp;</div>\r\n<div>&nbsp;</div> </div>\r\n<iframe width=\"100%\" height=\"1000px\" frameborder=\"no\" src=\"http://centralcarolinagunclub.wildapricot.org/widget/default.aspx?pageId=1383040\" onload=\"tryToEnableWACookies(&quot;http://centralcarolinagunclub.wildapricot.org&quot;);\"></iframe><br />\r\n<font style=\"color: #ccc; font-size: 9px; font-family: Verdana, Arial, Helvetica, sans-serif\">Powered by Wild Apricot <a style=\"color: #ccc\" href=\"http://www.wildapricot.com/features\" target=\"_blank\">Membership Software</a></font><script  type=\"text/javascript\" language=\"javascript\" src=\"http://centralcarolinagunclub.wildapricot.org/Common/EnableCookies.js\" ></script>', NULL, NULL, NULL, NULL, NULL, NULL, '10', '', NULL, NULL, NULL, NULL, NULL, '', '', '_self', '', NULL, NULL, NULL, NULL, '1391978386', NULL, NULL, '0', '0', '0');
REPLACE INTO `rvs_project_page` (`project_page_id`, `rvs_usr_id`, `page_name`, `custom_page_name`, `rvs_component_id`, `page_data`, `page_data_zone_2`, `page_data_zone_3`, `page_data_zone_4`, `colume_width_1`, `colume_width_2`, `colume_width_3`, `rvs_layout_id`, `head`, `page_title`, `meta_keyword`, `meta_description`, `effect_page_enter`, `duration_page_enter`, `meta_page_effect`, `rvs_link_id`, `target`, `form_template_id`, `i_pathway`, `i_mail`, `i_print`, `i_favorite`, `last_modifier`, `link_active`, `page_type`, `blank_page`, `set_draft`, `is_member_page`) VALUES ('7882f77b50d4cfb08fd3de8349fa6305', 'fd8bf9274dea4e6ce58215bbc9f4632a', 'Forum', '', '', '\r\n<div class=\"container\" style=\"width: 940px\" align=\"center\">\r\n<h3 align=\"left\">Central Carolina Gun Club Forums</h3>\r\n<h5 align=\"left\"><strong style=\"&quot;&quot;&quot;&quot;&quot;null\"><font style=\"font-size: 18px\">Rules:<br />\r\n</font></strong><font style=\"font-size: 16px\"><span style=\"text-align: left\">Please be respectful of other members.<br />\r\n</span></font><span style=\"text-align: left\"><font style=\"font-size: 16px\">Only use these forums for club related issues &amp; discussions</font></span></h5>\r\n<div><font style=\"font-size: 16px\">&nbsp;</font></div>\r\n<div>&nbsp;</div>\r\n<div>&nbsp;</div>\r\n<div>&nbsp;</div> </div>\r\n<iframe width=\"100%px\" height=\"700px\" frameborder=\"no\" src=\"http://centralcarolinagunclub.wildapricot.org/widget/default.aspx?pageId=1383041\"></iframe><br />\r\n<font style=\"color: #ccc; font-size: 9px; font-family: Verdana, Arial,\r\nHelvetica, sans-serif\">Powered by <a style=\"color: #ccc\" href=\"http://www.wildapricot.com/\" target=\"_blank\">Wild\r\nApricot Membership Website Software</a></font></div>\r\n<ul></ul>\r\n<div class=\"dashView\">&nbsp;</div>\r\n<div class=\"dashView\">&nbsp;</div><!--end data-->', NULL, NULL, NULL, NULL, NULL, NULL, '10', '', NULL, NULL, NULL, NULL, NULL, '', '', '_self', '', NULL, NULL, NULL, NULL, '1391978334', NULL, NULL, '0', '0', '0');
REPLACE INTO `rvs_project_page` (`project_page_id`, `rvs_usr_id`, `page_name`, `custom_page_name`, `rvs_component_id`, `page_data`, `page_data_zone_2`, `page_data_zone_3`, `page_data_zone_4`, `colume_width_1`, `colume_width_2`, `colume_width_3`, `rvs_layout_id`, `head`, `page_title`, `meta_keyword`, `meta_description`, `effect_page_enter`, `duration_page_enter`, `meta_page_effect`, `rvs_link_id`, `target`, `form_template_id`, `i_pathway`, `i_mail`, `i_print`, `i_favorite`, `last_modifier`, `link_active`, `page_type`, `blank_page`, `set_draft`, `is_member_page`) VALUES ('d6a61ae5e49df200ed540257ed19650c', 'fd8bf9274dea4e6ce58215bbc9f4632a', 'Photo Gallery', '', '', '<div class=\"container\" style=\"width: 940px\">\r\n<h3 align=\"center\">Central Carolina Gun Club Photo Gallery</h3>\r\n<div align=\"center\"><font style=\"font-size: 14px\">Select the album in the lower pane. The newest albums are to the left. Come watch us grow!</font></div>\r\n<div>&nbsp;</div>\r\n<div>&nbsp;</div>', NULL, NULL, NULL, NULL, NULL, NULL, '10', '', NULL, NULL, NULL, NULL, NULL, '', '7f08a2db1295f913bf4abe6286ee2578', '_blank', '', NULL, NULL, NULL, NULL, '1391882478', NULL, NULL, '0', '0', '0');
REPLACE INTO `rvs_project_page` (`project_page_id`, `rvs_usr_id`, `page_name`, `custom_page_name`, `rvs_component_id`, `page_data`, `page_data_zone_2`, `page_data_zone_3`, `page_data_zone_4`, `colume_width_1`, `colume_width_2`, `colume_width_3`, `rvs_layout_id`, `head`, `page_title`, `meta_keyword`, `meta_description`, `effect_page_enter`, `duration_page_enter`, `meta_page_effect`, `rvs_link_id`, `target`, `form_template_id`, `i_pathway`, `i_mail`, `i_print`, `i_favorite`, `last_modifier`, `link_active`, `page_type`, `blank_page`, `set_draft`, `is_member_page`) VALUES ('890f33fcaca6172f88ba3688cfd52c95', 'fd8bf9274dea4e6ce58215bbc9f4632a', 'Donate', '', '', '\r\n<div class=\"container\" style=\"width: 940px\">\r\n<h3 align=\"center\">Central Carolina Gun Club Donation Page</h3>\r\n<h5 align=\"center\">Thank you for your donation to CCGCI</h5>\r\n<div>&nbsp;</div>\r\n<div>&nbsp;</div>\r\n<div>&nbsp;</div>\r\n<div>&nbsp;</div> </div>\r\n<iframe width=\"100%\" height=\"1000px\" frameborder=\"no\" src=\"http://centralcarolinagunclub.wildapricot.org/widget/default.aspx?pageId=1580069\" onload=\"tryToEnableWACookies(&quot;http://centralcarolinagunclub.wildapricot.org&quot;);\"></iframe><br />\r\n<font style=\"color: #ccc; font-size: 9px; font-family: Verdana, Arial, Helvetica, sans-serif\">Powered by Wild Apricot <a style=\"color: #ccc\" href=\"http://www.wildapricot.com/features\" target=\"_blank\">Membership Software</a></font><script  type=\"text/javascript\" language=\"javascript\" src=\"http://centralcarolinagunclub.wildapricot.org/Common/EnableCookies.js\" ></script>', NULL, NULL, NULL, NULL, NULL, NULL, '10', '', NULL, NULL, NULL, NULL, NULL, '', '', '_self', '', NULL, NULL, NULL, NULL, '1391896961', NULL, NULL, '0', '0', '0');
REPLACE INTO `rvs_project_page` (`project_page_id`, `rvs_usr_id`, `page_name`, `custom_page_name`, `rvs_component_id`, `page_data`, `page_data_zone_2`, `page_data_zone_3`, `page_data_zone_4`, `colume_width_1`, `colume_width_2`, `colume_width_3`, `rvs_layout_id`, `head`, `page_title`, `meta_keyword`, `meta_description`, `effect_page_enter`, `duration_page_enter`, `meta_page_effect`, `rvs_link_id`, `target`, `form_template_id`, `i_pathway`, `i_mail`, `i_print`, `i_favorite`, `last_modifier`, `link_active`, `page_type`, `blank_page`, `set_draft`, `is_member_page`) VALUES ('43b8b4048bcb817f216d40c5331137dc', 'fd8bf9274dea4e6ce58215bbc9f4632a', 'Join', '', '', '\r\n<div class=\"container\" style=\"width: 100%\">\r\n<h3 align=\"center\">Central Carolina Gun Club Membership Application</h3>\r\n<h5 align=\"center\">\r\n<div>\r\n<h4><u>Pathway to Club Membership</u></h4>\r\n<div align=\"center\">Thank you for your interest in Central Carolina Gun Club! Please review the</div>\r\n<div align=\"center\">following information&nbsp;<span style=\"text-align: left\">for the steps to become a member.&nbsp;</span></div>\r\n<div align=\"center\">&nbsp;</div>\r\n<div align=\"left\">\r\n<ol>\r\n<li>Complete and submit an online application (completion requires NRA membership # - you can still register for an orientation class and pay your invoices, but you will not receive your membership card until you have an NRA#). Application walk through help <a title=\"\" href=\"{DOCUMENT_URL}/CCGCIAPPLICATIONWALKTHROUGH.pdf\">document</a>.</li>\r\n<li>Read the Club Bylaws and Policies &amp; Procedures</li>\r\n<li>Register and attend a Range Safety and Orientation Class</li>\r\n<li>Pay the one-time initiation fee ($200 Regular/$500 Founder)</li>\r\n<li>Pay yearly dues sent via email (prorated quarterly according to you orientation class date).</li>\r\n<li>Membership letter with gate code and membership card mailed to you.</li>\r\n<li>Enjoy the club and help if you can!</li></ol>\r\n<div>Payments accepted via check or Paypal.</div>\r\n<div>Please send checks to:\r\n<div>CCGCI Membership</div>\r\n<div>C/O David Devine - Treasurer</div>\r\n<div>409 North 3rd Street</div>\r\n<div>Mebane, NC 27302-2409&nbsp;</div></div></div></div></h5>\r\n<iframe width=\"90%\" height=\"1000px\" frameborder=\"no\" src=\"http://centralcarolinagunclub.wildapricot.org/widget/default.aspx?pageId=1383038\" onload=\"tryToEnableWACookies(&quot;http://centralcarolinagunclub.wildapricot.org&quot;);\"></iframe><br />\r\n<font style=\"color: #ccc; font-size: 9px; font-family: Verdana, Arial, Helvetica, sans-serif\">Powered by Wild Apricot <a style=\"color: #ccc\" href=\"http://www.wildapricot.com/features\" target=\"_blank\">Membership Software</a></font><script  type=\"text/javascript\" language=\"javascript\" src=\"http://centralcarolinagunclub.wildapricot.org/Common/EnableCookies.js\" ></script> </div>', NULL, NULL, NULL, NULL, NULL, NULL, '10', '', NULL, NULL, NULL, NULL, NULL, '', '', '_self', '', NULL, NULL, NULL, NULL, '1394815205', NULL, NULL, '0', '0', '0');
REPLACE INTO `rvs_project_page` (`project_page_id`, `rvs_usr_id`, `page_name`, `custom_page_name`, `rvs_component_id`, `page_data`, `page_data_zone_2`, `page_data_zone_3`, `page_data_zone_4`, `colume_width_1`, `colume_width_2`, `colume_width_3`, `rvs_layout_id`, `head`, `page_title`, `meta_keyword`, `meta_description`, `effect_page_enter`, `duration_page_enter`, `meta_page_effect`, `rvs_link_id`, `target`, `form_template_id`, `i_pathway`, `i_mail`, `i_print`, `i_favorite`, `last_modifier`, `link_active`, `page_type`, `blank_page`, `set_draft`, `is_member_page`) VALUES ('1c267f618896308ae04289e2c922d8f6', 'fd8bf9274dea4e6ce58215bbc9f4632a', 'FAQ', '', '', '\r\n<div class=\"container\" style=\"width: 100%\">\r\n<div>\r\n<h4 align=\"center\">Frequently Asked Questions (FAQ)</h4></div>\r\n<div>&nbsp;</div>\r\n<div>You must be 21 years of age or older to apply for membership to CCGCI. You also must be a current member in good standing with the NRA to be a member of CCGCI. Please go to the NRA membership page to apply for their membership.</div>\r\n<div>&nbsp;</div>\r\n<h5><strong><u>Membership Levels</u></strong></h5>\r\n<div>&nbsp;</div>\r\n<div>&nbsp;<em>1. Founder Membership</em></div>\r\n<div>&nbsp;&nbsp;</div>\r\n<div>&nbsp;a. Bundle up to 5 family members in your household</div>\r\n<div>&nbsp;b. Each bundled member must attend the range orientation class to receive a membership card.</div>\r\n<div>&nbsp;c. Bundled members must be at least 18 years of age to receive a membership card.</div>\r\n<div>&nbsp;d. Dependents up to the age of 25 and living in the household can be a bundle member.</div>\r\n<div>&nbsp;e. The Founder membership turns into a Life membership after 15 years of paid dues.</div>\r\n<div>&nbsp;f. &nbsp;Founder membership can be transferred under certain circumstances.</div>\r\n<div>&nbsp;g. We will not accept $2,000 up front for a Founder membership.</div>\r\n<div>&nbsp;</div>\r\n<div>&nbsp;<em>2. Regular Membership</em></div>\r\n<div>&nbsp;</div>\r\n<div>a. Regular memberships apply to applicant and their spouse.</div>\r\n<div>b. Spouse must attend range orientation class to receive a membership card.</div>\r\n<div>&nbsp;</div>\r\n<div>&lt;&lt;Joining the mailing list/newsletter is not the same as applying for a membership&gt;&gt;</div>\r\n<div>&nbsp;</div>\r\n<div>&lt;&lt;You cannot sign up for orientation, classes, or some events if you have not submitted an application&gt;&gt;</div>\r\n<div>&nbsp;</div>\r\n<h5><strong><u>Club Dues</u></strong></h5>\r\n<div>&nbsp;</div>\r\n<div>1. Your membership application fee does not include club dues.</div>\r\n<div>2. The Club Dues for 2014 are $100. They are prorated quarterly for new members according to your orientation class date.</div>\r\n<div>3. Memberships renew on January 1st</div>\r\n<div>4. We currently accept payment via check or Paypal.</div>\r\n<div>&nbsp;</div>\r\n<h5><strong><u>Guests</u></strong></h5>\r\n<div>&nbsp;</div>\r\n<div>We do allow you to bring guests with you to the club. When you are on the property, you assume all responsibility and liability for the actions and behaviors of your family, your guests, and yourself. Encourage your guests to join!</div>\r\n<div>&nbsp;</div>\r\n<h5><strong><u>Event Registration Issues</u></strong></h5>\r\n<div>&nbsp;</div>\r\n<div>Receiving &quot;Event registration is not available for your_email@domain.com due to event settings&quot;</div>\r\n<div>&nbsp;</div>\r\n<div>&nbsp;1. Depending on the event. you did not successfully complete the membership application. Please check your email for an application invoice.</div>\r\n<div>&nbsp;2. The deadline for registration may have passed.</div>\r\n<div>&nbsp;3. The event may not have been set up correctly. Please send an email to sec@ccgci.org and ask to check the event settings.</div>\r\n<div>&nbsp;</div>\r\n<h5><strong><u>Range Orientation Do\'s and Don\'ts</u></strong></h5>\r\n<div>&nbsp;</div>\r\n<div>&nbsp;1. Do dress for the weather (class is outside)</div>\r\n<div>&nbsp;2. Do bring a hand gun and about 25 rounds of ammo.</div>\r\n<div>&nbsp;3. Do bring hearing and eye protection.</div>\r\n<div>&nbsp;4. Do read the club Bylaws and Policies &amp; Procedures prior to attending.</div>\r\n<div>&nbsp;5. Do not be late</div>\r\n<div>&nbsp;6. Do not bring a loaded weapon (cold range)</div>\r\n<div>&nbsp;</div>\r\n<h5><strong><u>What to expect at the orientation class</u></strong></h5>\r\n<div>&nbsp;</div>\r\n<div>&nbsp;1. Brief club description</div>\r\n<div>&nbsp;2. Review of Range Rules and Safety Practices</div>\r\n<div>&nbsp;3. Demonstrate use of your handgun (safety, loading and unloading, safe handling and other operations of your weapon).</div>\r\n<div>&nbsp;4. You will aim and shoot at paper targets from about 20 yards.</div>\r\n<div>&nbsp;</div>\r\n<h5><strong><u>Issues with application</u></strong></h5>\r\n<div>&nbsp;</div>\r\n<div>&nbsp;1. If you have issues trying to fill out the application, your profile is most likely corrupted. Try requesting a new password from the Welcome email.</div>\r\n<div>&nbsp;2. If you have not gotten an initial automated invoice email, then you have not successfully completed your membership application.</div>\r\n<div>&nbsp;3. If you still have issues with your application, please contact the secretary at sec@ccgci.org</div>\r\n<div>&nbsp;</div>\r\n<div>&nbsp;</div>\r\n<div>&nbsp;</div>\r\n<div>&nbsp;</div>\r\n<div>&nbsp;</div> </div>', NULL, NULL, NULL, NULL, NULL, NULL, '10', '', NULL, NULL, NULL, NULL, NULL, '', '', '_self', '', NULL, NULL, NULL, NULL, '1393604060', NULL, NULL, '0', '0', '0');
REPLACE INTO `rvs_publish` (`project_id`, `rvs_publish_protocal`, `rvs_publish_domain`, `rvs_publish_path`, `rvs_domain_path`) VALUES ('f70ff24e2a081b14c61b44841ec49d95', 'http', 'ccgci.org', '', '/home/ccgciorg/public_html');
REPLACE INTO `rvs_template_item` (`template_item_id`, `products_id`, `template_id`, `template_item_folder`, `template_type_s_preview`, `color_id`, `picture_id`) VALUES ('900a1da31c0fe27313f7412a55da9707', '18-730-1', '900a1da31c0fe27313f7412a55da9707', 'pro_18-730-1_blue_business_2', 'jpg', '11', '266');
REPLACE INTO `rvs_template_item_navigator_color` (`template_item_id`, `custom_color_group_id`) VALUES ('900a1da31c0fe27313f7412a55da9707', '2');
REPLACE INTO `rvs_template` (`template_id`, `default_template_item_id`, `default_template_item_id2`, `font_id`, `menustyle_id`, `navigator_id`, `default_layout_id`, `sort_priority`, `cdate`) VALUES ('900a1da31c0fe27313f7412a55da9707', '900a1da31c0fe27313f7412a55da9707', '', '12', '2', '335', 'a08838f9d3fc73dbac8aca3a170edb5f', '200', '1370883600');
REPLACE INTO `rvs_menustyle` (`menustyle_id`, `menustyle_description`) VALUES ('2', 'horizontal');
REPLACE INTO `rvs_template_categories_xref` (`template_id`, `rvs_category_id`) VALUES ('900a1da31c0fe27313f7412a55da9707', '17');
REPLACE INTO `rvs_template_categories_xref` (`template_id`, `rvs_category_id`) VALUES ('900a1da31c0fe27313f7412a55da9707', '18');
REPLACE INTO `rvs_template_type_xref` (`template_id`, `template_type_id`) VALUES ('900a1da31c0fe27313f7412a55da9707', '7');
REPLACE INTO `rvs_template_type` (`template_type_id`, `template_type_name`) VALUES ('7', 'Contemporary');
REPLACE INTO `rvs_usr` (`rvs_usr_id`, `user_name`, `charset_id`) VALUES ('fd8bf9274dea4e6ce58215bbc9f4632a', 'ccgciorg', '0');
